{"id":6291,"date":"2019-01-04T16:00:10","date_gmt":"2019-01-04T16:00:10","guid":{"rendered":"http:\/\/beta.etxalar.eus\/?page_id=6291"},"modified":"2023-06-08T15:53:04","modified_gmt":"2023-06-08T15:53:04","slug":"etxalarko-sute-elkartea","status":"publish","type":"page","link":"https:\/\/www.etxalar.eus\/es\/etxalarko-sute-elkartea\/","title":{"rendered":"Etxalarko Sute elkartea"},"content":{"rendered":"<p>[tm_pb_section admin_label=\u00bbsection\u00bb background_image=\u00bbhttps:\/\/www.etxalar.eus\/wp-content\/uploads\/2019\/01\/goiburua_sute_elk.jpg\u00bb transparent_background=\u00bbon\u00bb allow_player_pause=\u00bboff\u00bb inner_shadow=\u00bboff\u00bb parallax=\u00bboff\u00bb parallax_method=\u00bboff\u00bb custom_padding=\u00bb80px||80px|\u00bb padding_mobile=\u00bboff\u00bb make_fullwidth=\u00bboff\u00bb use_custom_width=\u00bboff\u00bb width_unit=\u00bbon\u00bb make_equal=\u00bboff\u00bb use_custom_gutter=\u00bboff\u00bb][tm_pb_row admin_label=\u00bbrow\u00bb][tm_pb_column type=\u00bb4_4&#8243;][tm_pb_text admin_label=\u00bbSute elkartea encab\u00bb text_orientation=\u00bbleft\u00bb use_border_color=\u00bboff\u00bb border_color=\u00bb#ffffff\u00bb border_style=\u00bbsolid\u00bb]<\/p>\n<h1><span style=\"color: #ffffff;\">Sute Elkartea<\/span><\/h1>\n<p>[\/tm_pb_text][\/tm_pb_column][\/tm_pb_row][\/tm_pb_section][tm_pb_section admin_label=\u00bbSection\u00bb fullwidth=\u00bboff\u00bb specialty=\u00bboff\u00bb transparent_background=\u00bbon\u00bb allow_player_pause=\u00bboff\u00bb inner_shadow=\u00bboff\u00bb parallax=\u00bboff\u00bb parallax_method=\u00bboff\u00bb custom_padding=\u00bb20px|||\u00bb padding_mobile=\u00bboff\u00bb make_fullwidth=\u00bboff\u00bb use_custom_width=\u00bboff\u00bb width_unit=\u00bbon\u00bb make_equal=\u00bboff\u00bb use_custom_gutter=\u00bboff\u00bb][tm_pb_row admin_label=\u00bbRow\u00bb][tm_pb_column type=\u00bb4_4&#8243;][tm_pb_text admin_label=\u00bbSute elk. t1&#8243; text_orientation=\u00bbjustified\u00bb use_border_color=\u00bboff\u00bb border_color=\u00bb#ffffff\u00bb border_style=\u00bbsolid\u00bb]<\/p>\n<h5>La asociaci\u00f3n de Incendios de Etxalar fue creada el a\u00f1o 1891, tras la disoluci\u00f3n de la anterior, creada en el a\u00f1o 1879. En aquella \u00e9poca, cuando se cambiaban los estatutos de la asociaci\u00f3n, se creaba una nueva.<\/h5>\n<h5>El objetivo de esta asociaci\u00f3n es la de ofrecer ayuda en caso de que motivado por un incendio, casas, caser\u00edos o molinos situados en Etxalar, sufrieran da\u00f1os.<\/h5>\n<p>[\/tm_pb_text][\/tm_pb_column][\/tm_pb_row][tm_pb_row admin_label=\u00bbRow\u00bb][tm_pb_column type=\u00bb1_2&#8243;][tm_pb_image admin_label=\u00bbSute elk f1&#8243; src=\u00bbhttps:\/\/www.etxalar.eus\/wp-content\/uploads\/2019\/01\/Sute-elkartea_frogak-1-1.jpg\u00bb show_in_lightbox=\u00bboff\u00bb url_new_window=\u00bboff\u00bb use_overlay=\u00bboff\u00bb animation=\u00bboff\u00bb sticky=\u00bboff\u00bb align=\u00bbcenter\u00bb force_fullwidth=\u00bboff\u00bb always_center_on_mobile=\u00bbon\u00bb use_border_color=\u00bboff\u00bb border_color=\u00bb#ffffff\u00bb border_style=\u00bbsolid\u00bb] [\/tm_pb_image][\/tm_pb_column][tm_pb_column type=\u00bb1_2&#8243;][tm_pb_image admin_label=\u00bbSute elk f2&#8243; src=\u00bbhttps:\/\/www.etxalar.eus\/wp-content\/uploads\/2019\/01\/Sute-elkartea_frogak-2-copia-1.jpg\u00bb show_in_lightbox=\u00bboff\u00bb url_new_window=\u00bboff\u00bb use_overlay=\u00bboff\u00bb animation=\u00bboff\u00bb sticky=\u00bboff\u00bb align=\u00bbcenter\u00bb force_fullwidth=\u00bboff\u00bb always_center_on_mobile=\u00bbon\u00bb use_border_color=\u00bboff\u00bb border_color=\u00bb#ffffff\u00bb border_style=\u00bbsolid\u00bb] [\/tm_pb_image][\/tm_pb_column][\/tm_pb_row][tm_pb_row admin_label=\u00bbRow\u00bb make_fullwidth=\u00bboff\u00bb use_custom_width=\u00bboff\u00bb use_grid_padding=\u00bbon\u00bb width_unit=\u00bbon\u00bb custom_padding=\u00bb30px|||\u00bb padding_mobile=\u00bboff\u00bb allow_player_pause=\u00bboff\u00bb parallax=\u00bboff\u00bb parallax_method=\u00bboff\u00bb make_equal=\u00bboff\u00bb parallax_1=\u00bboff\u00bb parallax_method_1=\u00bboff\u00bb parallax_2=\u00bboff\u00bb parallax_method_2=\u00bboff\u00bb column_padding_mobile=\u00bbon\u00bb][tm_pb_column type=\u00bb2_3&#8243;][tm_pb_text admin_label=\u00bbSute elkar localizacion mat\u00bb text_orientation=\u00bbleft\u00bb use_border_color=\u00bboff\u00bb border_color=\u00bb#ffffff\u00bb border_style=\u00bbsolid\u00bb]<\/p>\n<h5>Localizaci\u00f3n del material<\/h5>\n<p>Las <strong>palas<\/strong> para los fuegos de montes se encuentran en los siguientes caser\u00edos:<\/p>\n<ul>\n<li>BARRIO ORIZKI \u2013 Tolareko Borda \u2013 Maite Indaburu<\/li>\n<li>BARRIO LARRAPIL SARRIKU \u2013 Iturraldeko Borda \u2013 Angela Irisarri<\/li>\n<li>BARRIO LURRIZTI EDER \u2013 Goienetxe garaia \u2013 Joxe angel Goienetxe<\/li>\n<li>BARRIO URRITZOKIETA \u2013 Zamudioeneko borda \u2013 Elixabel Elizalde<\/li>\n<li>BARRIO GOROSURRETA \u2013 Maixterneko borda \u2013 Javier Galarregi<\/li>\n<li>BARRIO LAKAIN APEZBORRO \u2013 Arrineko borda \u2013 Gorka Irigoien<\/li>\n<li>BARRIO BEKO LANDA \u2013 Jose Mari Yugueros<\/li>\n<\/ul>\n<p>[\/tm_pb_text][\/tm_pb_column][tm_pb_column type=\u00bb1_3&#8243;][tm_pb_text admin_label=\u00bbDescargas\u00bb text_orientation=\u00bbcenter\u00bb use_border_color=\u00bboff\u00bb border_color=\u00bb#ffffff\u00bb border_style=\u00bbsolid\u00bb]<\/p>\n<h5><strong>Miembros de la junta y representantes de los barrios<\/strong><\/h5>\n<ul>\n<li><a href=\"https:\/\/www.etxalar.eus\/wp-content\/uploads\/2023\/06\/Auzoetako-ordezkariak.pdf\" target=\"_blank\" rel=\"noopener noreferrer\"><strong>Ver el listado<\/strong><\/a><\/li>\n<\/ul>\n<p>[\/tm_pb_text][tm_pb_text admin_label=\u00bbDescargas\u00bb text_orientation=\u00bbcenter\u00bb use_border_color=\u00bboff\u00bb border_color=\u00bb#ffffff\u00bb border_style=\u00bbsolid\u00bb]<\/p>\n<h5><strong>Descargas<\/strong><\/h5>\n<ul>\n<li><a href=\"https:\/\/www.etxalar.eus\/wp-content\/uploads\/2023\/06\/Sute-elkarteko-poliza.pdf\" target=\"_blank\" rel=\"noopener noreferrer\"><strong>Condiciones generales del seguro<\/strong><\/a><\/li>\n<li><a href=\"https:\/\/www.etxalar.eus\/wp-content\/uploads\/2019\/01\/suteen-kontrako-baliabideak.pdf\" target=\"_blank\" rel=\"noopener noreferrer\"><strong>Recursos contra los incendios \u2013 Gu\u00eda<\/strong><\/a><\/li>\n<li><a href=\"http:\/\/www.etxalar.eus\/documentos\/Suteen%20kontrako%20baliabideak.rar\"><strong>Recursos contra los incendios \u2013 Localizaci\u00f3n.kml<\/strong><\/a> (Google earth)<\/li>\n<\/ul>\n<p>[\/tm_pb_text][\/tm_pb_column][\/tm_pb_row][\/tm_pb_section][tm_pb_section admin_label=\u00bbSection\u00bb fullwidth=\u00bboff\u00bb specialty=\u00bboff\u00bb][tm_pb_row admin_label=\u00bbRow\u00bb][tm_pb_column type=\u00bb4_4&#8243;][tm_pb_text admin_label=\u00bbMapa de localizaci\u00f3n bocas\u00bb text_orientation=\u00bbcenter\u00bb use_border_color=\u00bboff\u00bb border_color=\u00bb#ffffff\u00bb border_style=\u00bbsolid\u00bb]<\/p>\n<p><iframe loading=\"lazy\" src=\"https:\/\/maps.google.es\/maps\/ms?ie=UTF8&amp;hl=es&amp;t=k&amp;msa=0&amp;msid=109035790592143896045.000491294d4ffc2244c88&amp;ll=43.234573,-1.637006&amp;spn=0.007504,0.013733&amp;z=16&amp;output=embed\" width=\"800\" height=\"600\" frameborder=\"0\" marginwidth=\"0\" marginheight=\"0\" scrolling=\"no\"><\/iframe><\/p>\n<p>[\/tm_pb_text][\/tm_pb_column][\/tm_pb_row][\/tm_pb_section]<\/p>\n","protected":false},"excerpt":{"rendered":"<p>[tm_pb_section admin_label=\u00bbsection\u00bb background_image=\u00bbhttps:\/\/www.etxalar.eus\/wp-content\/uploads\/2019\/01\/goiburua_sute_elk.jpg\u00bb transparent_background=\u00bbon\u00bb allow_player_pause=\u00bboff\u00bb inner_shadow=\u00bboff\u00bb parallax=\u00bboff\u00bb parallax_method=\u00bboff\u00bb custom_padding=\u00bb80px||80px|\u00bb padding_mobile=\u00bboff\u00bb make_fullwidth=\u00bboff\u00bb use_custom_width=\u00bboff\u00bb width_unit=\u00bbon\u00bb make_equal=\u00bboff\u00bb use_custom_gutter=\u00bboff\u00bb][tm_pb_row admin_label=\u00bbrow\u00bb][tm_pb_column type=\u00bb4_4&#8243;][tm_pb_text admin_label=\u00bbSute elkartea encab\u00bb text_orientation=\u00bbleft\u00bb use_border_color=\u00bboff\u00bb border_color=\u00bb#ffffff\u00bb border_style=\u00bbsolid\u00bb] Sute Elkartea [\/tm_pb_text][\/tm_pb_column][\/tm_pb_row][\/tm_pb_section][tm_pb_section admin_label=\u00bbSection\u00bb fullwidth=\u00bboff\u00bb specialty=\u00bboff\u00bb [&hellip;]<\/p>\n","protected":false},"author":9,"featured_media":0,"parent":0,"menu_order":0,"comment_status":"closed","ping_status":"closed","template":"","meta":{"_et_pb_use_builder":"","_et_pb_old_content":"","_et_gb_content_width":"","footnotes":""},"class_list":["post-6291","page","type-page","status-publish","hentry"],"_links":{"self":[{"href":"https:\/\/www.etxalar.eus\/es\/wp-json\/wp\/v2\/pages\/6291","targetHints":{"allow":["GET"]}}],"collection":[{"href":"https:\/\/www.etxalar.eus\/es\/wp-json\/wp\/v2\/pages"}],"about":[{"href":"https:\/\/www.etxalar.eus\/es\/wp-json\/wp\/v2\/types\/page"}],"author":[{"embeddable":true,"href":"https:\/\/www.etxalar.eus\/es\/wp-json\/wp\/v2\/users\/9"}],"replies":[{"embeddable":true,"href":"https:\/\/www.etxalar.eus\/es\/wp-json\/wp\/v2\/comments?post=6291"}],"version-history":[{"count":6,"href":"https:\/\/www.etxalar.eus\/es\/wp-json\/wp\/v2\/pages\/6291\/revisions"}],"predecessor-version":[{"id":15637,"href":"https:\/\/www.etxalar.eus\/es\/wp-json\/wp\/v2\/pages\/6291\/revisions\/15637"}],"wp:attachment":[{"href":"https:\/\/www.etxalar.eus\/es\/wp-json\/wp\/v2\/media?parent=6291"}],"curies":[{"name":"wp","href":"https:\/\/api.w.org\/{rel}","templated":true}]}}

<p>[tm_pb_section admin_label=»section» background_image=»https://www.etxalar.eus/wp-content/uploads/2019/01/goiburua_sute_elk.jpg» transparent_background=»on» allow_player_pause=»off» inner_shadow=»off» parallax=»off» parallax_method=»off» custom_padding=»80px||80px|» padding_mobile=»off» make_fullwidth=»off» use_custom_width=»off» width_unit=»on» make_equal=»off» use_custom_gutter=»off»][tm_pb_row admin_label=»row»][tm_pb_column type=»4_4&#8243;][tm_pb_text admin_label=»Sute elkartea encab» text_orientation=»left» use_border_color=»off» border_color=»#ffffff» border_style=»solid»]</p>
<h1><span style="color: #ffffff;">Sute Elkartea</span></h1>
<p>[/tm_pb_text][/tm_pb_column][/tm_pb_row][/tm_pb_section][tm_pb_section admin_label=»Section» fullwidth=»off» specialty=»off» transparent_background=»on» allow_player_pause=»off» inner_shadow=»off» parallax=»off» parallax_method=»off» custom_padding=»20px|||» padding_mobile=»off» make_fullwidth=»off» use_custom_width=»off» width_unit=»on» make_equal=»off» use_custom_gutter=»off»][tm_pb_row admin_label=»Row»][tm_pb_column type=»4_4&#8243;][tm_pb_text admin_label=»Sute elk. t1&#8243; text_orientation=»justified» use_border_color=»off» border_color=»#ffffff» border_style=»solid»]</p>
<h5>La asociación de Incendios de Etxalar fue creada el año 1891, tras la disolución de la anterior, creada en el año 1879. En aquella época, cuando se cambiaban los estatutos de la asociación, se creaba una nueva.</h5>
<h5>El objetivo de esta asociación es la de ofrecer ayuda en caso de que motivado por un incendio, casas, caseríos o molinos situados en Etxalar, sufrieran daños.</h5>
<p>[/tm_pb_text][/tm_pb_column][/tm_pb_row][tm_pb_row admin_label=»Row»][tm_pb_column type=»1_2&#8243;][tm_pb_image admin_label=»Sute elk f1&#8243; src=»https://www.etxalar.eus/wp-content/uploads/2019/01/Sute-elkartea_frogak-1-1.jpg» show_in_lightbox=»off» url_new_window=»off» use_overlay=»off» animation=»off» sticky=»off» align=»center» force_fullwidth=»off» always_center_on_mobile=»on» use_border_color=»off» border_color=»#ffffff» border_style=»solid»] [/tm_pb_image][/tm_pb_column][tm_pb_column type=»1_2&#8243;][tm_pb_image admin_label=»Sute elk f2&#8243; src=»https://www.etxalar.eus/wp-content/uploads/2019/01/Sute-elkartea_frogak-2-copia-1.jpg» show_in_lightbox=»off» url_new_window=»off» use_overlay=»off» animation=»off» sticky=»off» align=»center» force_fullwidth=»off» always_center_on_mobile=»on» use_border_color=»off» border_color=»#ffffff» border_style=»solid»] [/tm_pb_image][/tm_pb_column][/tm_pb_row][tm_pb_row admin_label=»Row» make_fullwidth=»off» use_custom_width=»off» use_grid_padding=»on» width_unit=»on» custom_padding=»30px|||» padding_mobile=»off» allow_player_pause=»off» parallax=»off» parallax_method=»off» make_equal=»off» parallax_1=»off» parallax_method_1=»off» parallax_2=»off» parallax_method_2=»off» column_padding_mobile=»on»][tm_pb_column type=»2_3&#8243;][tm_pb_text admin_label=»Sute elkar localizacion mat» text_orientation=»left» use_border_color=»off» border_color=»#ffffff» border_style=»solid»]</p>
<h5>Localización del material</h5>
<p>Las <strong>palas</strong> para los fuegos de montes se encuentran en los siguientes caseríos:</p>
<ul>
<li>BARRIO ORIZKI – Tolareko Borda – Maite Indaburu</li>
<li>BARRIO LARRAPIL SARRIKU – Iturraldeko Borda – Angela Irisarri</li>
<li>BARRIO LURRIZTI EDER – Goienetxe garaia – Joxe angel Goienetxe</li>
<li>BARRIO URRITZOKIETA – Zamudioeneko borda – Elixabel Elizalde</li>
<li>BARRIO GOROSURRETA – Maixterneko borda – Javier Galarregi</li>
<li>BARRIO LAKAIN APEZBORRO – Arrineko borda – Gorka Irigoien</li>
<li>BARRIO BEKO LANDA – Jose Mari Yugueros</li>
</ul>
<p>[/tm_pb_text][/tm_pb_column][tm_pb_column type=»1_3&#8243;][tm_pb_text admin_label=»Descargas» text_orientation=»center» use_border_color=»off» border_color=»#ffffff» border_style=»solid»]</p>
<h5><strong>Miembros de la junta y representantes de los barrios</strong></h5>
<ul>
<li><a href="https://www.etxalar.eus/wp-content/uploads/2023/06/Auzoetako-ordezkariak.pdf" target="_blank" rel="noopener noreferrer"><strong>Ver el listado</strong></a></li>
</ul>
<p>[/tm_pb_text][tm_pb_text admin_label=»Descargas» text_orientation=»center» use_border_color=»off» border_color=»#ffffff» border_style=»solid»]</p>
<h5><strong>Descargas</strong></h5>
<ul>
<li><a href="https://www.etxalar.eus/wp-content/uploads/2023/06/Sute-elkarteko-poliza.pdf" target="_blank" rel="noopener noreferrer"><strong>Condiciones generales del seguro</strong></a></li>
<li><a href="https://www.etxalar.eus/wp-content/uploads/2019/01/suteen-kontrako-baliabideak.pdf" target="_blank" rel="noopener noreferrer"><strong>Recursos contra los incendios – Guía</strong></a></li>
<li><a href="http://www.etxalar.eus/documentos/Suteen%20kontrako%20baliabideak.rar"><strong>Recursos contra los incendios – Localización.kml</strong></a> (Google earth)</li>
</ul>
<p>[/tm_pb_text][/tm_pb_column][/tm_pb_row][/tm_pb_section][tm_pb_section admin_label=»Section» fullwidth=»off» specialty=»off»][tm_pb_row admin_label=»Row»][tm_pb_column type=»4_4&#8243;][tm_pb_text admin_label=»Mapa de localización bocas» text_orientation=»center» use_border_color=»off» border_color=»#ffffff» border_style=»solid»]</p>
<p><iframe loading="lazy" src="https://maps.google.es/maps/ms?ie=UTF8&amp;hl=es&amp;t=k&amp;msa=0&amp;msid=109035790592143896045.000491294d4ffc2244c88&amp;ll=43.234573,-1.637006&amp;spn=0.007504,0.013733&amp;z=16&amp;output=embed" width="800" height="600" frameborder="0" marginwidth="0" marginheight="0" scrolling="no"></iframe></p>
<p>[/tm_pb_text][/tm_pb_column][/tm_pb_row][/tm_pb_section]</p>
