{"id":399076,"date":"2025-11-21T11:22:41","date_gmt":"2025-11-21T10:22:41","guid":{"rendered":"https:\/\/www.etxalar.eus\/lizaieta\/palomeras-centro-de-interpretacion-de-lizaieta\/"},"modified":"2026-01-14T08:41:13","modified_gmt":"2026-01-14T07:41:13","slug":"palomeras-centro-de-interpretacion-de-lizaieta","status":"publish","type":"page","link":"https:\/\/www.etxalar.eus\/es\/lizaieta\/palomeras-centro-de-interpretacion-de-lizaieta\/","title":{"rendered":"Palomeras"},"content":{"rendered":"<p>[et_pb_section fb_built=\u00bb1&#8243; next_background_color=\u00bb#ffffff\u00bb admin_label=\u00bbLizaieta. Izenburua\u00bb _builder_version=\u00bb4.27.4&#8243; _module_preset=\u00bbdefault\u00bb background_color=\u00bbgcid-secondary-color\u00bb bottom_divider_style=\u00bbtriangle\u00bb bottom_divider_height=\u00bb38px\u00bb bottom_divider_flip=\u00bbvertical\u00bb border_color_bottom=\u00bbgcid-heading-color\u00bb locked=\u00bboff\u00bb global_colors_info=\u00bb{%22gcid-heading-color%22:%91%22border_color_bottom%22%93,%22gcid-secondary-color%22:%91%22background_color%22,%22background_color%22%93}\u00bb][et_pb_row _builder_version=\u00bb4.27.4&#8243; _module_preset=\u00bbdefault\u00bb global_colors_info=\u00bb{}\u00bb][et_pb_column type=\u00bb4_4&#8243; _builder_version=\u00bb4.27.4&#8243; _module_preset=\u00bbdefault\u00bb global_colors_info=\u00bb{}\u00bb][et_pb_text _builder_version=\u00bb4.27.4&#8243; _module_preset=\u00bbdefault\u00bb header_text_color=\u00bb#FFFFFF\u00bb global_colors_info=\u00bb{}\u00bb]<\/p>\n<h1>Migraci\u00f3n Palomeras<\/h1>\n<p>[\/et_pb_text][et_pb_text _builder_version=\u00bb4.27.4&#8243; _module_preset=\u00bbdefault\u00bb text_text_color=\u00bb#FFFFFF\u00bb text_font_size=\u00bb17px\u00bb global_colors_info=\u00bb{}\u00bb]<\/p>\n<p>El collado de Usategieta, lugar de tr\u00e1nsito para las palomas migratorias europeas, es un emplazamiento id\u00f3neo para la pr\u00e1ctica de la caza con red, un sistema ancestral que pervive desde hace m\u00e1s de 600 a\u00f1os. <\/p>\n<p>[\/et_pb_text][\/et_pb_column][\/et_pb_row][\/et_pb_section][et_pb_section fb_built=\u00bb1&#8243; _builder_version=\u00bb4.27.4&#8243; _module_preset=\u00bbdefault\u00bb global_colors_info=\u00bb{}\u00bb][et_pb_row _builder_version=\u00bb4.27.4&#8243; _module_preset=\u00bbdefault\u00bb global_colors_info=\u00bb{}\u00bb][et_pb_column type=\u00bb4_4&#8243; _builder_version=\u00bb4.27.4&#8243; _module_preset=\u00bbdefault\u00bb global_colors_info=\u00bb{}\u00bb][et_pb_video src=\u00bbhttps:\/\/youtu.be\/07Ddnr_5rqE?si=5S4kOU9JAK0o5xUv\u00bb image_src=\u00bbhttps:\/\/www.etxalar.eus\/wp-content\/uploads\/2025\/11\/Usategiak.jpg\u00bb play_icon_color=\u00bb#B44C37&#8243; _builder_version=\u00bb4.27.4&#8243; _module_preset=\u00bbdefault\u00bb global_colors_info=\u00bb{}\u00bb][\/et_pb_video][et_pb_text _builder_version=\u00bb4.27.4&#8243; _module_preset=\u00bbdefault\u00bb header_2_font_size=\u00bb25px\u00bb header_font_tablet=\u00bb\u00bb header_font_phone=\u00bb\u00bb header_font_last_edited=\u00bbon|desktop\u00bb global_colors_info=\u00bb{}\u00bb]<\/p>\n<h2>PALOMERAS<\/h2>\n<p>Lugar de tr\u00e1nsito para las palomas migratorias europeas, el collado de Usategieta es un emplazamiento id\u00f3neo para la pr\u00e1ctica de la caza con red, un sistema ancestral que pervive desde hace m\u00e1s de 600 a\u00f1os.  <\/p>\n<h2>\u00bfQU\u00c9 SON LAS PALOMERAS DE ETXALAR?<\/h2>\n<p>La captura de palomas con red es una modalidad tradicional, \u00fanica en la Pen\u00ednsula Ib\u00e9rica, cuyo origen se remonta al Medievo (el primer documento data de 1378). Se trata de un oficio trasmitido de forma oral, sin normas escritas, que requiere ingenio e improvisaci\u00f3n.<br \/>Las palomeras, propiedad de la familaGaztelu, se sit\u00faan en el collado de Usategieta, en un terreno en forma de embudo, a lo largo del cual se disponen varias torretas o trepas de entre 10 y 20 metros de altura, cuya distancia va disminuyendo hasta llegar al collado de Iarmendi, donde est\u00e1n colocadas las redes. Los bandos de paloma son dirigidos hasta las redes mediante gritos, agitaci\u00f3n de trapos o \u201czatarras\u201d y el lanzamiento de paletas. El trabajo en equipo es fundamental y requiere una gran habilidad y conocimiento.<br \/>Por su antig\u00fcedad y singularidad, las palomeras de Etxalar fueron declaradas Bien de Inter\u00e9s Cultural en 2010 por el Gobierno de Navarra.       <\/p>\n<h2>LA MIGRACI\u00d3N DE LAS PALOMAS<\/h2>\n<p>El puerto de Lizaieta es, por su situaci\u00f3n y su orograf\u00eda, un lugar estrat\u00e9gico para el tr\u00e1nsito de las aves migratorias entre Europa y \u00c1frica. Entre las diferentes especies que sobrevuelan este paso destacan dos tipos de palomas: la paloma zurita o txoloma (Columba oenas), m\u00e1s escasa; y la paloma torcaz (Columba palumbus), mucho m\u00e1s abundante. Se calcula que cerca de 3 millones de palomas cruzan cada oto\u00f1o el extremo occidental del Pirineo. En Lizaieta, el paso m\u00e1ximo diario de paloma torcaz se registr\u00f3 en 2022, con cerca de 380.000 ejemplares.   <\/p>\n<h2>\u00bfC\u00d3MO SE ORGANIZA ESTA CAZA?<\/h2>\n<p>Uno de los valores de este oficio es que ha sabido preservar la organizaci\u00f3n comunal de las sociedades rurales, m\u00e1s all\u00e1 de la existencia de estados o fronteras. Los palomeros de Etxalar mantienen una estrecha relaci\u00f3n con los palomeros de su localidad vecina Sara (Francia), as\u00ed como con los de otros palomeros de la zona.<br \/>En 2011 se renov\u00f3 el Convenio entre los pueblos de Sara y Etxalar, que protege la actividad de las Palomeras de Etxalar: \u00abHaciendo uso de las competencias que le otorgan los tratados firmados hist\u00f3ricamente, viendo las buenas relaciones entre los pueblos de Sara y Etxalar, viendo que la caza de palomas es de inter\u00e9s tur\u00edstico en el Pa\u00eds Vasco y considerando que hay que preservar las tradiciones locales\u00bb. La renovaci\u00f3n tiene lugar todos los a\u00f1os a finales de septiembre en una jornada festiva para conmemorar el tratado.  <\/p>\n<h2>\u00bfINFLUYE EL CLIMA?<\/h2>\n<p>El clima resulta determinante para el \u00e9xito de la caza con red. En general, es conveniente el viento del norte-noreste para que los bandos se dirijan al collado de Iarmendi. Con viento predominante del sur, las palomas tienden a pasar por la costa (Txingudi).<br \/>Parece que en los \u00faltimos a\u00f1os el cambio clim\u00e1tico est\u00e1 provocando una modificaci\u00f3n en el patr\u00f3n migratorio de las palomas. La tendencia de oto\u00f1os m\u00e1s suaves y con viento sur y el hecho de que las palomas cada vez vuelen m\u00e1s alto est\u00e1n dificultando la caza en palomeras.   <\/p>\n<h2>\u00bfES UNA CAZA SOSTENIBLE?<\/h2>\n<p>Absolutamente. El n\u00famero de palomas que se captura con redes es testimonial. Las capturas se computan por docenas (es la unidad de conteo tradicional) y la evoluci\u00f3n la segunda mitad del XIX se superaban a veces las 400 docenas. Actualmente, es raro superar las 100 docenas, acontecimiento que se celebra disparando un cohete a los cuatro vientos.<br \/>Adem\u00e1s, desde hace a\u00f1os parte de las palomas zuritas atrapadas se anillan, en colaboraci\u00f3n con la asociaci\u00f3n CPAL (Comptage, Protection et Animation \u00e0 Lizarrieta) y la Sociedad de Ciencias Aranzadi y se devuelven al cielo para investigar sus h\u00e1bitos.      <\/p>\n<h2>\u00bfPOR QU\u00c9 SON TAN CONOCIDAS LAS PALOMERAS DE ETXALAR?<\/h2>\n<p>Las palomeras han llamado la atenci\u00f3n de numerosos viajeros, investigadores y personalidades como Napole\u00f3n III, Pierre Loti, Orson Welles, los Baroja o Bernardo Atxaga.<br \/>Algunos de ellos incluso lo documentaron. La revista NationalGeographic Magazine public\u00f3 un art\u00edculo sobre la caza de paloma con red en Etxalar. En 1950, el periodista norteamericano Charles Wertenbaker, colaborador del New Yorker y amigo personal de Orson Welles, que vivi\u00f3 con su familia en Ziburu en los 40 y 50, escribi\u00f3 una cr\u00f3nica sobre el tema para el peri\u00f3dico neoyorquino. Y cinco a\u00f1os m\u00e1s tarde, en 1955, el propio Orson Welles rod\u00f3 el documental \u201cTheLand of thebasques\u201d en el que se mostraban las palomeras de Etxalar.    <\/p>\n<h2>\u00bfQU\u00c9 FUTURO ESPERA A LAS PALOMERAS?<\/h2>\n<p>La organizaci\u00f3n, mantenimiento y difusi\u00f3n de las palomeras de Etxalar est\u00e1 en manos de Etxalarko Usozaleen Elkartea, asociaci\u00f3n sin \u00e1nimo de lucro que lleva el peso de la actividad. Las nuevas generaciones han conseguido adaptarse a los retos que plantea esta tradici\u00f3n que funciona como signo de identidad de Etxalar.  <\/p>\n<p>[\/et_pb_text][\/et_pb_column][\/et_pb_row][\/et_pb_section]<\/p>\n","protected":false},"excerpt":{"rendered":"<p>Migraci\u00f3n PalomerasEl collado de Usategieta, lugar de tr\u00e1nsito para las palomas migratorias europeas, es un emplazamiento id\u00f3neo para la pr\u00e1ctica de la caza con red, un sistema ancestral que pervive [&hellip;]<\/p>\n","protected":false},"author":9,"featured_media":0,"parent":399064,"menu_order":0,"comment_status":"closed","ping_status":"closed","template":"","meta":{"_et_pb_use_builder":"on","_et_pb_old_content":"","_et_gb_content_width":"","footnotes":""},"class_list":["post-399076","page","type-page","status-publish","hentry"],"_links":{"self":[{"href":"https:\/\/www.etxalar.eus\/es\/wp-json\/wp\/v2\/pages\/399076","targetHints":{"allow":["GET"]}}],"collection":[{"href":"https:\/\/www.etxalar.eus\/es\/wp-json\/wp\/v2\/pages"}],"about":[{"href":"https:\/\/www.etxalar.eus\/es\/wp-json\/wp\/v2\/types\/page"}],"author":[{"embeddable":true,"href":"https:\/\/www.etxalar.eus\/es\/wp-json\/wp\/v2\/users\/9"}],"replies":[{"embeddable":true,"href":"https:\/\/www.etxalar.eus\/es\/wp-json\/wp\/v2\/comments?post=399076"}],"version-history":[{"count":11,"href":"https:\/\/www.etxalar.eus\/es\/wp-json\/wp\/v2\/pages\/399076\/revisions"}],"predecessor-version":[{"id":399321,"href":"https:\/\/www.etxalar.eus\/es\/wp-json\/wp\/v2\/pages\/399076\/revisions\/399321"}],"up":[{"embeddable":true,"href":"https:\/\/www.etxalar.eus\/es\/wp-json\/wp\/v2\/pages\/399064"}],"wp:attachment":[{"href":"https:\/\/www.etxalar.eus\/es\/wp-json\/wp\/v2\/media?parent=399076"}],"curies":[{"name":"wp","href":"https:\/\/api.w.org\/{rel}","templated":true}]}}

<p>[et_pb_section fb_built=»1&#8243; next_background_color=»#ffffff» admin_label=»Lizaieta. Izenburua» _builder_version=»4.27.4&#8243; _module_preset=»default» background_color=»gcid-secondary-color» bottom_divider_style=»triangle» bottom_divider_height=»38px» bottom_divider_flip=»vertical» border_color_bottom=»gcid-heading-color» locked=»off» global_colors_info=»{%22gcid-heading-color%22:%91%22border_color_bottom%22%93,%22gcid-secondary-color%22:%91%22background_color%22,%22background_color%22%93}»][et_pb_row _builder_version=»4.27.4&#8243; _module_preset=»default» global_colors_info=»{}»][et_pb_column type=»4_4&#8243; _builder_version=»4.27.4&#8243; _module_preset=»default» global_colors_info=»{}»][et_pb_text _builder_version=»4.27.4&#8243; _module_preset=»default» header_text_color=»#FFFFFF» global_colors_info=»{}»]</p>
<h1>Migración Palomeras</h1>
<p>[/et_pb_text][et_pb_text _builder_version=»4.27.4&#8243; _module_preset=»default» text_text_color=»#FFFFFF» text_font_size=»17px» global_colors_info=»{}»]</p>
<p>El collado de Usategieta, lugar de tránsito para las palomas migratorias europeas, es un emplazamiento idóneo para la práctica de la caza con red, un sistema ancestral que pervive desde hace más de 600 años. </p>
<p>[/et_pb_text][/et_pb_column][/et_pb_row][/et_pb_section][et_pb_section fb_built=»1&#8243; _builder_version=»4.27.4&#8243; _module_preset=»default» global_colors_info=»{}»][et_pb_row _builder_version=»4.27.4&#8243; _module_preset=»default» global_colors_info=»{}»][et_pb_column type=»4_4&#8243; _builder_version=»4.27.4&#8243; _module_preset=»default» global_colors_info=»{}»][et_pb_video src=»https://youtu.be/07Ddnr_5rqE?si=5S4kOU9JAK0o5xUv» image_src=»https://www.etxalar.eus/wp-content/uploads/2025/11/Usategiak.jpg» play_icon_color=»#B44C37&#8243; _builder_version=»4.27.4&#8243; _module_preset=»default» global_colors_info=»{}»][/et_pb_video][et_pb_text _builder_version=»4.27.4&#8243; _module_preset=»default» header_2_font_size=»25px» header_font_tablet=»» header_font_phone=»» header_font_last_edited=»on|desktop» global_colors_info=»{}»]</p>
<h2>PALOMERAS</h2>
<p>Lugar de tránsito para las palomas migratorias europeas, el collado de Usategieta es un emplazamiento idóneo para la práctica de la caza con red, un sistema ancestral que pervive desde hace más de 600 años.  </p>
<h2>¿QUÉ SON LAS PALOMERAS DE ETXALAR?</h2>
<p>La captura de palomas con red es una modalidad tradicional, única en la Península Ibérica, cuyo origen se remonta al Medievo (el primer documento data de 1378). Se trata de un oficio trasmitido de forma oral, sin normas escritas, que requiere ingenio e improvisación.<br />Las palomeras, propiedad de la familaGaztelu, se sitúan en el collado de Usategieta, en un terreno en forma de embudo, a lo largo del cual se disponen varias torretas o trepas de entre 10 y 20 metros de altura, cuya distancia va disminuyendo hasta llegar al collado de Iarmendi, donde están colocadas las redes. Los bandos de paloma son dirigidos hasta las redes mediante gritos, agitación de trapos o “zatarras” y el lanzamiento de paletas. El trabajo en equipo es fundamental y requiere una gran habilidad y conocimiento.<br />Por su antigüedad y singularidad, las palomeras de Etxalar fueron declaradas Bien de Interés Cultural en 2010 por el Gobierno de Navarra.       </p>
<h2>LA MIGRACIÓN DE LAS PALOMAS</h2>
<p>El puerto de Lizaieta es, por su situación y su orografía, un lugar estratégico para el tránsito de las aves migratorias entre Europa y África. Entre las diferentes especies que sobrevuelan este paso destacan dos tipos de palomas: la paloma zurita o txoloma (Columba oenas), más escasa; y la paloma torcaz (Columba palumbus), mucho más abundante. Se calcula que cerca de 3 millones de palomas cruzan cada otoño el extremo occidental del Pirineo. En Lizaieta, el paso máximo diario de paloma torcaz se registró en 2022, con cerca de 380.000 ejemplares.   </p>
<h2>¿CÓMO SE ORGANIZA ESTA CAZA?</h2>
<p>Uno de los valores de este oficio es que ha sabido preservar la organización comunal de las sociedades rurales, más allá de la existencia de estados o fronteras. Los palomeros de Etxalar mantienen una estrecha relación con los palomeros de su localidad vecina Sara (Francia), así como con los de otros palomeros de la zona.<br />En 2011 se renovó el Convenio entre los pueblos de Sara y Etxalar, que protege la actividad de las Palomeras de Etxalar: «Haciendo uso de las competencias que le otorgan los tratados firmados históricamente, viendo las buenas relaciones entre los pueblos de Sara y Etxalar, viendo que la caza de palomas es de interés turístico en el País Vasco y considerando que hay que preservar las tradiciones locales». La renovación tiene lugar todos los años a finales de septiembre en una jornada festiva para conmemorar el tratado.  </p>
<h2>¿INFLUYE EL CLIMA?</h2>
<p>El clima resulta determinante para el éxito de la caza con red. En general, es conveniente el viento del norte-noreste para que los bandos se dirijan al collado de Iarmendi. Con viento predominante del sur, las palomas tienden a pasar por la costa (Txingudi).<br />Parece que en los últimos años el cambio climático está provocando una modificación en el patrón migratorio de las palomas. La tendencia de otoños más suaves y con viento sur y el hecho de que las palomas cada vez vuelen más alto están dificultando la caza en palomeras.   </p>
<h2>¿ES UNA CAZA SOSTENIBLE?</h2>
<p>Absolutamente. El número de palomas que se captura con redes es testimonial. Las capturas se computan por docenas (es la unidad de conteo tradicional) y la evolución la segunda mitad del XIX se superaban a veces las 400 docenas. Actualmente, es raro superar las 100 docenas, acontecimiento que se celebra disparando un cohete a los cuatro vientos.<br />Además, desde hace años parte de las palomas zuritas atrapadas se anillan, en colaboración con la asociación CPAL (Comptage, Protection et Animation à Lizarrieta) y la Sociedad de Ciencias Aranzadi y se devuelven al cielo para investigar sus hábitos.      </p>
<h2>¿POR QUÉ SON TAN CONOCIDAS LAS PALOMERAS DE ETXALAR?</h2>
<p>Las palomeras han llamado la atención de numerosos viajeros, investigadores y personalidades como Napoleón III, Pierre Loti, Orson Welles, los Baroja o Bernardo Atxaga.<br />Algunos de ellos incluso lo documentaron. La revista NationalGeographic Magazine publicó un artículo sobre la caza de paloma con red en Etxalar. En 1950, el periodista norteamericano Charles Wertenbaker, colaborador del New Yorker y amigo personal de Orson Welles, que vivió con su familia en Ziburu en los 40 y 50, escribió una crónica sobre el tema para el periódico neoyorquino. Y cinco años más tarde, en 1955, el propio Orson Welles rodó el documental “TheLand of thebasques” en el que se mostraban las palomeras de Etxalar.    </p>
<h2>¿QUÉ FUTURO ESPERA A LAS PALOMERAS?</h2>
<p>La organización, mantenimiento y difusión de las palomeras de Etxalar está en manos de Etxalarko Usozaleen Elkartea, asociación sin ánimo de lucro que lleva el peso de la actividad. Las nuevas generaciones han conseguido adaptarse a los retos que plantea esta tradición que funciona como signo de identidad de Etxalar.  </p>
<p>[/et_pb_text][/et_pb_column][/et_pb_row][/et_pb_section]</p>

<p>Migración PalomerasEl collado de Usategieta, lugar de tránsito para las palomas migratorias europeas, es un emplazamiento idóneo para la práctica de la caza con red, un sistema ancestral que pervive [&hellip;]</p>
