{"id":399070,"date":"2025-11-21T11:14:10","date_gmt":"2025-11-21T10:14:10","guid":{"rendered":"https:\/\/www.etxalar.eus\/lizaieta\/las-migraciones-centro-de-interpretacion-de-lizaieta\/"},"modified":"2026-01-14T08:34:10","modified_gmt":"2026-01-14T07:34:10","slug":"las-migraciones-centro-de-interpretacion-de-lizaieta","status":"publish","type":"page","link":"https:\/\/www.etxalar.eus\/es\/lizaieta\/las-migraciones-centro-de-interpretacion-de-lizaieta\/","title":{"rendered":"Migraciones"},"content":{"rendered":"<p>[et_pb_section fb_built=\u00bb1&#8243; next_background_color=\u00bb#ffffff\u00bb admin_label=\u00bbLizaieta. Izenburua\u00bb _builder_version=\u00bb4.27.4&#8243; _module_preset=\u00bbdefault\u00bb background_color=\u00bbgcid-secondary-color\u00bb bottom_divider_style=\u00bbtriangle\u00bb bottom_divider_height=\u00bb38px\u00bb bottom_divider_flip=\u00bbvertical\u00bb border_color_bottom=\u00bbgcid-heading-color\u00bb locked=\u00bboff\u00bb global_colors_info=\u00bb{%22gcid-heading-color%22:%91%22border_color_bottom%22%93,%22gcid-secondary-color%22:%91%22background_color%22,%22background_color%22%93}\u00bb][et_pb_row _builder_version=\u00bb4.27.4&#8243; _module_preset=\u00bbdefault\u00bb global_colors_info=\u00bb{}\u00bb][et_pb_column type=\u00bb4_4&#8243; _builder_version=\u00bb4.27.4&#8243; _module_preset=\u00bbdefault\u00bb global_colors_info=\u00bb{}\u00bb][et_pb_text _builder_version=\u00bb4.27.4&#8243; _module_preset=\u00bbdefault\u00bb header_text_color=\u00bb#FFFFFF\u00bb global_colors_info=\u00bb{}\u00bb]<\/p>\n<h1>La migraci\u00f3n<\/h1>\n<p>[\/et_pb_text][et_pb_text _builder_version=\u00bb4.27.4&#8243; _module_preset=\u00bbdefault\u00bb text_text_color=\u00bb#FFFFFF\u00bb text_font_size=\u00bb17px\u00bb global_colors_info=\u00bb{}\u00bb]<\/p>\n<p>El puerto de Lizarieta, en el l\u00edmite entre Etxalar y Sara, es un lugar \u00fanico en el que conviven nuestra cultura com\u00fan, la observaci\u00f3n cient\u00edfica de aves migratorias y la tradici\u00f3n ancestral de la caza de palomas con red. <\/p>\n<p>[\/et_pb_text][\/et_pb_column][\/et_pb_row][\/et_pb_section][et_pb_section fb_built=\u00bb1&#8243; _builder_version=\u00bb4.27.4&#8243; _module_preset=\u00bbdefault\u00bb global_colors_info=\u00bb{}\u00bb][et_pb_row _builder_version=\u00bb4.27.4&#8243; _module_preset=\u00bbdefault\u00bb global_colors_info=\u00bb{}\u00bb][et_pb_column type=\u00bb4_4&#8243; _builder_version=\u00bb4.27.4&#8243; _module_preset=\u00bbdefault\u00bb global_colors_info=\u00bb{}\u00bb][et_pb_video src=\u00bbhttps:\/\/youtu.be\/jnl8GHCDLCg?si=H0fN6NsvDrfA2bca\u00bb image_src=\u00bbhttps:\/\/www.etxalar.eus\/wp-content\/uploads\/2025\/11\/MIgrazioak.jpg\u00bb play_icon_color=\u00bb#B44C37&#8243; _builder_version=\u00bb4.27.4&#8243; _module_preset=\u00bbdefault\u00bb global_colors_info=\u00bb{}\u00bb][\/et_pb_video][et_pb_text _builder_version=\u00bb4.27.4&#8243; _module_preset=\u00bbdefault\u00bb header_2_font_size=\u00bb25px\u00bb hover_enabled=\u00bb0&#8243; global_colors_info=\u00bb{}\u00bb sticky_enabled=\u00bb0&#8243;]<\/p>\n<h2>TIERRAS DE PASO<\/h2>\n<p>Est\u00e1s en el puerto de Lizarieta, en el l\u00edmite entre Etxalar y Sara, a 441 metros de altitud. Un lugar \u00fanico en el que conviven nuestra cultura com\u00fan, la observaci\u00f3n cient\u00edfica de aves migratorias y la tradici\u00f3n ancestral de la caza de palomas con red. <\/p>\n<h2>\u00bfSABES QU\u00c9 ES LA MIGRACI\u00d3N?<\/h2>\n<p>La migraci\u00f3n no es simplemente un movimiento, es mucho m\u00e1s. Es un viaje fascinante que realizan muchas especies de aves para cubrir la distancia entre el \u00e1rea de cr\u00eda (al norte) y el \u00e1rea de invernada (al sur).<br \/>Las aves migran por una serie de pasillos denominados v\u00edas migratorias dos veces al a\u00f1o: en oto\u00f1o (de agosto a noviembre) y en primavera (de marzo a mayo).<br \/>Las aves migratorias de largo recorrido suelen volar por la noche y son capaces de cruzar el Mediterr\u00e1neo o el desierto del S\u00e1hara en una sola jornada. Las migradoras de corta distancia (palomas, jilgueros y petirrojos, entre otros) vuelan entre 100 y 1.000 kil\u00f3metros al d\u00eda e incluso m\u00e1s.  <\/p>\n<h2>\u00bfPOR QU\u00c9 MIGRAN LAS AVES?<\/h2>\n<p>La raz\u00f3n principal de la migraci\u00f3n no es el mal tiempo, como muchas veces se cree, sino la escasez de alimento. Cuando las aves sienten que el alimento les va a faltar, inician la migraci\u00f3n.<br \/>En los \u00faltimos a\u00f1os, sin embargo, el patr\u00f3n migratorio de las aves est\u00e1 sufriendo alteraciones debido al cambio clim\u00e1tico y a la actividad humana. Con inviernos cada vez m\u00e1s cortos y suaves, las aves de largo recorrido adelantan su desplazamiento hacia el sur, mientras que las aves de migraci\u00f3n parcial, como la paloma torcaz, lo retrasan. Hay incluso especies que deciden quedarse en su zona de reproducci\u00f3n porque ya disponen de alimento.   <\/p>\n<h2>\u00bfC\u00d3MO MIGRAN?<\/h2>\n<p>Las aves migratorias conocen el momento exacto en el que deben migrar gracias a su reloj biol\u00f3gico interno. Es un conocimiento innato, no aprendido, aunque en algunas especies tiene su parte de aprendizaje.<br \/>La forma de orientarse no es \u00fanica. Las que migran por la noche se gu\u00edan por la posici\u00f3n de la luna y las estrellas. Las aves diurnas se orientan por la posici\u00f3n del sol. Tambi\u00e9n se sabe que el magnetismo terrestre les ayuda a orientarse.<br \/>Al acercase a la zona de invernada, reconocen el territorio gracias a su gran memoria visual.    <\/p>\n<h2>SEGUIMIENTO DE AVES<\/h2>\n<p>Desde el comienzo de los tiempos, los seres humanos han observado a las aves y sus movimientos migratorios. Con el paso de los a\u00f1os, las metodolog\u00edas de estudio se han ido sofisticando con t\u00e9cnicas como el anillamiento, radares, o emisores GPS.<br \/>En Lizarieta, la asociaci\u00f3n CPAL (Comptage, Protection et Animation \u00e0 Lizarrieta) ha recuperado un estudio cient\u00edfico iniciado en los a\u00f1os 80. Desde 2018, contabiliza e identifica qu\u00e9 especies, cu\u00e1ndo y en qu\u00e9 cantidad pasan. Adem\u00e1s, trabaja conjuntamente con los palomeros en un proyecto de anillamiento de paloma zurita (txoloma). En oto\u00f1o forma a j\u00f3venes ornit\u00f3logos y habilita un espacio de sensibilizaci\u00f3n sobre la importancia de la migraci\u00f3n.    <\/p>\n<h2>LIZARIETA: EST\u00c1S EN UN LUGAR ESPECIAL<\/h2>\n<p>El puerto de Lizarieta es una zona de paso que muchas aves, provenientes del norte de Europa o incluso de Rusia, cruzan para sortear los altos montes de los Pirineos navarros o los vientos en contra del Oc\u00e9ano Atl\u00e1ntico. El collado de Lizarieta es, junto con los collados de Organbidexka y Lindus, uno de los lugares mejor orientados para completar con \u00e9xito su traves\u00eda hacia el sur.<br \/>Entre el 15 de julio y el 15 de noviembre, en estos tres collados se contabilizan un mill\u00f3n de aves. De todas ellas la m\u00e1s abundantes es la paloma torcaz (Columba palumbus) y, en menor medida, la paloma zurita (Columba oenas), conocida como txoloma. En el mes de octubre, se pueden avistar en un solo d\u00eda 50.000 palomas.    <\/p>\n<h2>AN\u00cdMATE A ESTUDIAR LA MIGRACI\u00d3N DE LAS AVES<\/h2>\n<p>Lugares del Pirineo de Navarra, como Lizarieta, se han convertido en un aut\u00e9ntico para\u00edso para los amantes de la ornitolog\u00eda. Por este collado pasan una veintena de rapaces, cig\u00fce\u00f1as blancas, cig\u00fce\u00f1as negras, palomas, cormoranes, garzas, grullas, alondras\u2026<br \/>An\u00edmate a conocer m\u00e1s de la migraci\u00f3n de aves en el mirador de Lizarieta, en el exterior de este edificio. <\/p>\n<p>[\/et_pb_text][\/et_pb_column][\/et_pb_row][\/et_pb_section]<\/p>\n","protected":false},"excerpt":{"rendered":"<p>La migraci\u00f3nEl puerto de Lizarieta, en el l\u00edmite entre Etxalar y Sara, es un lugar \u00fanico en el que conviven nuestra cultura com\u00fan, la observaci\u00f3n cient\u00edfica de aves migratorias y [&hellip;]<\/p>\n","protected":false},"author":9,"featured_media":0,"parent":399064,"menu_order":0,"comment_status":"closed","ping_status":"closed","template":"","meta":{"_et_pb_use_builder":"on","_et_pb_old_content":"","_et_gb_content_width":"","footnotes":""},"class_list":["post-399070","page","type-page","status-publish","hentry"],"_links":{"self":[{"href":"https:\/\/www.etxalar.eus\/es\/wp-json\/wp\/v2\/pages\/399070","targetHints":{"allow":["GET"]}}],"collection":[{"href":"https:\/\/www.etxalar.eus\/es\/wp-json\/wp\/v2\/pages"}],"about":[{"href":"https:\/\/www.etxalar.eus\/es\/wp-json\/wp\/v2\/types\/page"}],"author":[{"embeddable":true,"href":"https:\/\/www.etxalar.eus\/es\/wp-json\/wp\/v2\/users\/9"}],"replies":[{"embeddable":true,"href":"https:\/\/www.etxalar.eus\/es\/wp-json\/wp\/v2\/comments?post=399070"}],"version-history":[{"count":10,"href":"https:\/\/www.etxalar.eus\/es\/wp-json\/wp\/v2\/pages\/399070\/revisions"}],"predecessor-version":[{"id":399311,"href":"https:\/\/www.etxalar.eus\/es\/wp-json\/wp\/v2\/pages\/399070\/revisions\/399311"}],"up":[{"embeddable":true,"href":"https:\/\/www.etxalar.eus\/es\/wp-json\/wp\/v2\/pages\/399064"}],"wp:attachment":[{"href":"https:\/\/www.etxalar.eus\/es\/wp-json\/wp\/v2\/media?parent=399070"}],"curies":[{"name":"wp","href":"https:\/\/api.w.org\/{rel}","templated":true}]}}

<p>[et_pb_section fb_built=»1&#8243; next_background_color=»#ffffff» admin_label=»Lizaieta. Izenburua» _builder_version=»4.27.4&#8243; _module_preset=»default» background_color=»gcid-secondary-color» bottom_divider_style=»triangle» bottom_divider_height=»38px» bottom_divider_flip=»vertical» border_color_bottom=»gcid-heading-color» locked=»off» global_colors_info=»{%22gcid-heading-color%22:%91%22border_color_bottom%22%93,%22gcid-secondary-color%22:%91%22background_color%22,%22background_color%22%93}»][et_pb_row _builder_version=»4.27.4&#8243; _module_preset=»default» global_colors_info=»{}»][et_pb_column type=»4_4&#8243; _builder_version=»4.27.4&#8243; _module_preset=»default» global_colors_info=»{}»][et_pb_text _builder_version=»4.27.4&#8243; _module_preset=»default» header_text_color=»#FFFFFF» global_colors_info=»{}»]</p>
<h1>La migración</h1>
<p>[/et_pb_text][et_pb_text _builder_version=»4.27.4&#8243; _module_preset=»default» text_text_color=»#FFFFFF» text_font_size=»17px» global_colors_info=»{}»]</p>
<p>El puerto de Lizarieta, en el límite entre Etxalar y Sara, es un lugar único en el que conviven nuestra cultura común, la observación científica de aves migratorias y la tradición ancestral de la caza de palomas con red. </p>
<p>[/et_pb_text][/et_pb_column][/et_pb_row][/et_pb_section][et_pb_section fb_built=»1&#8243; _builder_version=»4.27.4&#8243; _module_preset=»default» global_colors_info=»{}»][et_pb_row _builder_version=»4.27.4&#8243; _module_preset=»default» global_colors_info=»{}»][et_pb_column type=»4_4&#8243; _builder_version=»4.27.4&#8243; _module_preset=»default» global_colors_info=»{}»][et_pb_video src=»https://youtu.be/jnl8GHCDLCg?si=H0fN6NsvDrfA2bca» image_src=»https://www.etxalar.eus/wp-content/uploads/2025/11/MIgrazioak.jpg» play_icon_color=»#B44C37&#8243; _builder_version=»4.27.4&#8243; _module_preset=»default» global_colors_info=»{}»][/et_pb_video][et_pb_text _builder_version=»4.27.4&#8243; _module_preset=»default» header_2_font_size=»25px» hover_enabled=»0&#8243; global_colors_info=»{}» sticky_enabled=»0&#8243;]</p>
<h2>TIERRAS DE PASO</h2>
<p>Estás en el puerto de Lizarieta, en el límite entre Etxalar y Sara, a 441 metros de altitud. Un lugar único en el que conviven nuestra cultura común, la observación científica de aves migratorias y la tradición ancestral de la caza de palomas con red. </p>
<h2>¿SABES QUÉ ES LA MIGRACIÓN?</h2>
<p>La migración no es simplemente un movimiento, es mucho más. Es un viaje fascinante que realizan muchas especies de aves para cubrir la distancia entre el área de cría (al norte) y el área de invernada (al sur).<br />Las aves migran por una serie de pasillos denominados vías migratorias dos veces al año: en otoño (de agosto a noviembre) y en primavera (de marzo a mayo).<br />Las aves migratorias de largo recorrido suelen volar por la noche y son capaces de cruzar el Mediterráneo o el desierto del Sáhara en una sola jornada. Las migradoras de corta distancia (palomas, jilgueros y petirrojos, entre otros) vuelan entre 100 y 1.000 kilómetros al día e incluso más.  </p>
<h2>¿POR QUÉ MIGRAN LAS AVES?</h2>
<p>La razón principal de la migración no es el mal tiempo, como muchas veces se cree, sino la escasez de alimento. Cuando las aves sienten que el alimento les va a faltar, inician la migración.<br />En los últimos años, sin embargo, el patrón migratorio de las aves está sufriendo alteraciones debido al cambio climático y a la actividad humana. Con inviernos cada vez más cortos y suaves, las aves de largo recorrido adelantan su desplazamiento hacia el sur, mientras que las aves de migración parcial, como la paloma torcaz, lo retrasan. Hay incluso especies que deciden quedarse en su zona de reproducción porque ya disponen de alimento.   </p>
<h2>¿CÓMO MIGRAN?</h2>
<p>Las aves migratorias conocen el momento exacto en el que deben migrar gracias a su reloj biológico interno. Es un conocimiento innato, no aprendido, aunque en algunas especies tiene su parte de aprendizaje.<br />La forma de orientarse no es única. Las que migran por la noche se guían por la posición de la luna y las estrellas. Las aves diurnas se orientan por la posición del sol. También se sabe que el magnetismo terrestre les ayuda a orientarse.<br />Al acercase a la zona de invernada, reconocen el territorio gracias a su gran memoria visual.    </p>
<h2>SEGUIMIENTO DE AVES</h2>
<p>Desde el comienzo de los tiempos, los seres humanos han observado a las aves y sus movimientos migratorios. Con el paso de los años, las metodologías de estudio se han ido sofisticando con técnicas como el anillamiento, radares, o emisores GPS.<br />En Lizarieta, la asociación CPAL (Comptage, Protection et Animation à Lizarrieta) ha recuperado un estudio científico iniciado en los años 80. Desde 2018, contabiliza e identifica qué especies, cuándo y en qué cantidad pasan. Además, trabaja conjuntamente con los palomeros en un proyecto de anillamiento de paloma zurita (txoloma). En otoño forma a jóvenes ornitólogos y habilita un espacio de sensibilización sobre la importancia de la migración.    </p>
<h2>LIZARIETA: ESTÁS EN UN LUGAR ESPECIAL</h2>
<p>El puerto de Lizarieta es una zona de paso que muchas aves, provenientes del norte de Europa o incluso de Rusia, cruzan para sortear los altos montes de los Pirineos navarros o los vientos en contra del Océano Atlántico. El collado de Lizarieta es, junto con los collados de Organbidexka y Lindus, uno de los lugares mejor orientados para completar con éxito su travesía hacia el sur.<br />Entre el 15 de julio y el 15 de noviembre, en estos tres collados se contabilizan un millón de aves. De todas ellas la más abundantes es la paloma torcaz (Columba palumbus) y, en menor medida, la paloma zurita (Columba oenas), conocida como txoloma. En el mes de octubre, se pueden avistar en un solo día 50.000 palomas.    </p>
<h2>ANÍMATE A ESTUDIAR LA MIGRACIÓN DE LAS AVES</h2>
<p>Lugares del Pirineo de Navarra, como Lizarieta, se han convertido en un auténtico paraíso para los amantes de la ornitología. Por este collado pasan una veintena de rapaces, cigüeñas blancas, cigüeñas negras, palomas, cormoranes, garzas, grullas, alondras…<br />Anímate a conocer más de la migración de aves en el mirador de Lizarieta, en el exterior de este edificio. </p>
<p>[/et_pb_text][/et_pb_column][/et_pb_row][/et_pb_section]</p>

<p>La migraciónEl puerto de Lizarieta, en el límite entre Etxalar y Sara, es un lugar único en el que conviven nuestra cultura común, la observación científica de aves migratorias y [&hellip;]</p>
