{"id":264778,"date":"2025-03-27T09:44:09","date_gmt":"2025-03-27T08:44:09","guid":{"rendered":"https:\/\/www.etxalar.eus\/aviso-legal-2\/"},"modified":"2025-03-31T10:51:09","modified_gmt":"2025-03-31T08:51:09","slug":"aviso-legal","status":"publish","type":"page","link":"https:\/\/www.etxalar.eus\/es\/aviso-legal\/","title":{"rendered":"Aviso legal"},"content":{"rendered":"<p>[et_pb_section fb_built=\u00bb1&#8243; next_background_color=\u00bb#ffffff\u00bb admin_label=\u00bbAzken berriak\u00bb _builder_version=\u00bb4.27.4&#8243; _module_preset=\u00bbdefault\u00bb background_color=\u00bbgcid-secondary-color\u00bb bottom_divider_style=\u00bbtriangle\u00bb bottom_divider_height=\u00bb38px\u00bb bottom_divider_flip=\u00bbvertical\u00bb border_color_bottom=\u00bbgcid-heading-color\u00bb locked=\u00bboff\u00bb global_colors_info=\u00bb{%22gcid-heading-color%22:%91%22border_color_bottom%22%93,%22gcid-secondary-color%22:%91%22background_color%22,%22background_color%22%93}\u00bb][et_pb_row _builder_version=\u00bb4.27.4&#8243; _module_preset=\u00bbdefault\u00bb global_colors_info=\u00bb{}\u00bb][et_pb_column type=\u00bb4_4&#8243; _builder_version=\u00bb4.27.4&#8243; _module_preset=\u00bbdefault\u00bb global_colors_info=\u00bb{}\u00bb][et_pb_text _builder_version=\u00bb4.27.4&#8243; _module_preset=\u00bbdefault\u00bb header_text_color=\u00bb#FFFFFF\u00bb global_colors_info=\u00bb{}\u00bb]<\/p>\n<h1>Aviso legal<\/h1>\n<p>[\/et_pb_text][\/et_pb_column][\/et_pb_row][\/et_pb_section][et_pb_section fb_built=\u00bb1&#8243; _builder_version=\u00bb4.27.4&#8243; _module_preset=\u00bbdefault\u00bb global_colors_info=\u00bb{}\u00bb][et_pb_row _builder_version=\u00bb4.27.4&#8243; _module_preset=\u00bbdefault\u00bb global_colors_info=\u00bb{}\u00bb][et_pb_column type=\u00bb4_4&#8243; _builder_version=\u00bb4.27.4&#8243; _module_preset=\u00bbdefault\u00bb global_colors_info=\u00bb{}\u00bb][et_pb_text _builder_version=\u00bb4.27.4&#8243; _module_preset=\u00bbdefault\u00bb header_text_color=\u00bb#FFFFFF\u00bb header_4_text_color=\u00bb#FFFFFF\u00bb background_color=\u00bbgcid-primary-color\u00bb custom_padding=\u00bb10px|||10px|false|false\u00bb global_colors_info=\u00bb{%22gcid-primary-color%22:%91%22background_color%22%93}\u00bb]<\/p>\n<h4>DATOS IDENTIFICATIVOS DEL TITULAR<\/h4>\n<p>[\/et_pb_text][et_pb_text _builder_version=\u00bb4.27.4&#8243; _module_preset=\u00bbdefault\u00bb global_colors_info=\u00bb{}\u00bb]<\/p>\n<p>De conformidad con lo dispuesto en el art\u00edculo 10 de la Ley 34\/2002, de 11 de julio, de Servicios de la Sociedad de la Informaci\u00f3n y de Comercio Electr\u00f3nico, se informa al usuario de que el titular del presente Sitio Web es: <\/p>\n<p>[\/et_pb_text][et_pb_text _builder_version=\u00bb4.27.4&#8243; _module_preset=\u00bbdefault\u00bb header_text_align=\u00bbcenter\u00bb header_4_text_align=\u00bbleft\u00bb header_4_text_color=\u00bbgcid-primary-color\u00bb global_colors_info=\u00bb{%22gcid-primary-color%22:%91%22header_4_text_color%22%93}\u00bb]<\/p>\n<p><strong>RESPONSABLE DEL TRATAMIENTO DE DATOS <\/strong><\/p>\n<p><strong> <\/strong><\/p>\n<p><strong>Identidad: <\/strong>Ayuntamiento de Etxalar<\/p>\n<p><strong>Direcci\u00f3n: <\/strong><a href=\"https:\/\/www.google.com\/maps\/place\/data=!4m2!3m1!1s0xd511c7d976db833:0x324e1600dc347607?sa=X&amp;ved=1t:8290&amp;ictx=111\">Andutzeta, 15, 31760 Etxalar, Navarra<\/a><\/p>\n<p><strong>Tel\u00e9fono: <\/strong>948 63 50 05<\/p>\n<p><strong>Delegado de Protecci\u00f3n de Datos: <\/strong><a href=\"mailto:dpd@etxalar.eus\">dpd@etxalar.eus<\/a><\/p>\n<p>&nbsp;<\/p>\n<p>&nbsp;<\/p>\n<p>[\/et_pb_text][\/et_pb_column][\/et_pb_row][et_pb_row _builder_version=\u00bb4.27.4&#8243; _module_preset=\u00bbdefault\u00bb global_colors_info=\u00bb{}\u00bb][et_pb_column type=\u00bb4_4&#8243; _builder_version=\u00bb4.27.4&#8243; _module_preset=\u00bbdefault\u00bb global_colors_info=\u00bb{}\u00bb][et_pb_accordion open_toggle_text_color=\u00bbgcid-primary-color\u00bb open_toggle_background_color=\u00bbrgba(180,76,55,0.19)\u00bb closed_toggle_text_color=\u00bb#304759&#8243; _builder_version=\u00bb4.27.4&#8243; _module_preset=\u00bbdefault\u00bb toggle_text_color=\u00bb#304759&#8243; hover_enabled=\u00bb0&#8243; global_colors_info=\u00bb{%22gcid-primary-color%22:%91%22open_toggle_text_color%22%93}\u00bb sticky_enabled=\u00bb0&#8243;][et_pb_accordion_item title=\u00bbContenido\u00bb open=\u00bbon\u00bb _builder_version=\u00bb4.27.4&#8243; _module_preset=\u00bbdefault\u00bb global_colors_info=\u00bb{}\u00bb]El Ayuntamiento de Etxalar presta especial atenci\u00f3n a que la informaci\u00f3n del sitio web sea exacta y precisa, procediendo a su actualizaci\u00f3n de forma peri\u00f3dica y corrigiendo los errores tan pronto como estos hayan sido detectados. Con todo, no pueden garantizar que la informaci\u00f3n est\u00e9 actualizada y la inexistencia de errores en todo momento.<br \/>\nLa informaci\u00f3n publicada en este sitio web tiene \u00fanicamente car\u00e1cter informativo y no constituye una comunicaci\u00f3n de actos administrativos ni comunicados oficiales. Estos \u00faltimos ser\u00e1n notificados por los canales oficiales legalmente establecidos a tal efecto.<br \/>\nNo obstante, lo anterior, en caso de que a trav\u00e9s del sitio web puedan generarse documentos electr\u00f3nicos en el seno de procedimientos administrativos tramitados a trav\u00e9s de este medio, total o parcialmente, \u00e9stos tendr\u00e1n car\u00e1cter de aut\u00e9nticos, y tendr\u00e1n el valor probatorio que les reconoce la legislaci\u00f3n vigente.[\/et_pb_accordion_item][et_pb_accordion_item title=\u00bbLimitaci\u00f3n de responsabilidad\u00bb _builder_version=\u00bb4.27.4&#8243; _module_preset=\u00bbdefault\u00bb global_colors_info=\u00bb{}\u00bb open=\u00bboff\u00bb]<\/p>\n<p>La persona usuaria ser\u00e1 la \u00fanica responsable de las infracciones en que pueda incurrir o de los perjuicios que se puedan causar a terceros por la indebida e ileg\u00edtima utilizaci\u00f3n de este Sitio Web.<\/p>\n<p>El Ayuntamiento de Etxalar no ser\u00e1 responsables de los posibles da\u00f1os o perjuicios que se pudieran derivar de interferencias, omisiones, interrupciones, virus inform\u00e1ticos, aver\u00edas telef\u00f3nicas o desconexiones en el funcionamiento operativo de este sistema electr\u00f3nico, motivadas por causas ajenas al Ayuntamiento, de retrasos o bloqueos en el uso del presente sistema electr\u00f3nico causados por deficiencias o sobrecargas de l\u00edneas telef\u00f3nicas, sobrecargas en el sistema de Internet o en otros sistemas electr\u00f3nicos.<\/p>\n<p>El Ayuntamiento de Etxalar no garantiza la veracidad ni se responsabiliza de las consecuencias que pudieran derivarse de los errores en los contenidos proporcionados por terceros que pudieran aparecer en este Sitio Web.<\/p>\n<p>[\/et_pb_accordion_item][et_pb_accordion_item title=\u00bbPropiedad intelectual\u00bb _builder_version=\u00bb4.27.4&#8243; _module_preset=\u00bbdefault\u00bb global_colors_info=\u00bb{}\u00bb open=\u00bboff\u00bb]<\/p>\n<div class=\"tm_pb_toggle_content clearfix\" style=\"display: block;\">\n<p>El dise\u00f1o de este portal Web y sus c\u00f3digos fuente, los logos, marcas, etc. pertenece al Ayuntamiento de Etxalar, salvo expresa indicaci\u00f3n de titularidad diferente, y est\u00e1n protegidos por los correspondientes derechos de propiedad intelectual e industrial. Su uso, reproducci\u00f3n, distribuci\u00f3n, comunicaci\u00f3n p\u00fablica, transformaci\u00f3n o cualquier otra actividad similar o an\u00e1loga, queda totalmente prohibida salvo que medie autorizaci\u00f3n expresa del Ayuntamiento de Etxalar.  <\/p>\n<\/div>\n<p>[\/et_pb_accordion_item][et_pb_accordion_item title=\u00bbSeguridad\u00bb _builder_version=\u00bb4.27.4&#8243; _module_preset=\u00bbdefault\u00bb global_colors_info=\u00bb{}\u00bb open=\u00bboff\u00bb]<\/p>\n<p>Las medidas de seguridad adoptadas por el Ayuntamiento de Etxalar son aquellas requeridas, de conformidad con lo establecido en el art\u00edculo 32 del RGPD. En este sentido, el Ayuntamiento de Etxalar, teniendo en cuenta el estado de la t\u00e9cnica, los costes de aplicaci\u00f3n y la naturaleza, el, el contexto y los fines del tratamiento, as\u00ed como los riesgos de probabilidad y gravedad alcance variables para los derechos y las libertades de las personas f\u00edsicas, tiene establecidas las medidas t\u00e9cnicas y organizativas apropiadas para garantizar el nivel de seguridad adecuado al riesgo existente.  <\/p>\n<p>En todo caso, el Ayuntamiento de Etxalar tiene implementados los mecanismos suficientes para:<\/p>\n<ol>\n<li>Garantizar la confidencialidad, integridad, disponibilidad y resiliencia permanentes de los sistemas y servicios de tratamiento.<\/li>\n<li>Restaurar la disponibilidad y el acceso a los datos personales de forma r\u00e1pida, en caso de incidente f\u00edsico o t\u00e9cnico.<\/li>\n<li>Verificar, evaluar y valorar, de forma regular, la eficacia de las medidas t\u00e9cnicas y organizativas implantadas para garantizar la seguridad del tratamiento.<\/li>\n<li>Seudonimizar y cifrar los datos personales, en su caso.<\/li>\n<\/ol>\n<p>[\/et_pb_accordion_item][et_pb_accordion_item title=\u00bbLey aplicable y jurisdicci\u00f3n\u00bb _builder_version=\u00bb4.27.4&#8243; _module_preset=\u00bbdefault\u00bb global_colors_info=\u00bb{}\u00bb open=\u00bboff\u00bb]<\/p>\n<p>Para la resoluci\u00f3n de todas las controversias o cuestiones relacionadas con el presente sitio web o de las actividades en \u00e9l desarrolladas, ser\u00e1 de aplicaci\u00f3n la legislaci\u00f3n espa\u00f1ola, a la que se someten expresamente las partes, siendo competentes para la resoluci\u00f3n de todos los conflictos derivados o relacionados con su uso los Juzgados y Tribunales de Pamplona. <\/p>\n<p>[\/et_pb_accordion_item][et_pb_accordion_item title=\u00bbProtecci\u00f3n de datos\u00bb _builder_version=\u00bb4.27.4&#8243; _module_preset=\u00bbdefault\u00bb global_colors_info=\u00bb{}\u00bb open=\u00bboff\u00bb]Podr\u00e1 consultar nuestro aviso de privacidad en materia de Protecci\u00f3n de Datos en el siguiente enlace: <a href=\"https:\/\/www.etxalar.eus\/es\/proteccion-de-datos\/\">Protecci\u00f3n de datos.<\/a>[\/et_pb_accordion_item][et_pb_accordion_item title=\u00bbInformaci\u00f3n sobre cookies\u00bb _builder_version=\u00bb4.27.4&#8243; _module_preset=\u00bbdefault\u00bb hover_enabled=\u00bb0&#8243; global_colors_info=\u00bb{}\u00bb open=\u00bboff\u00bb sticky_enabled=\u00bb0&#8243;]<\/p>\n<p>Podr\u00e1 consultar la informaci\u00f3n sobre cookies en el siguiente enlace: <a href=\"https:\/\/www.etxalar.eus\/es\/politica-de-cookies-2\/\" target=\"_blank\" rel=\"noopener\">Pol\u00edtica de cookies<\/a>.<\/p>\n<p>[\/et_pb_accordion_item][\/et_pb_accordion][et_pb_text _builder_version=\u00bb4.27.4&#8243; _module_preset=\u00bbdefault\u00bb global_colors_info=\u00bb{}\u00bb]<\/p>\n<p><strong>\u00daltima actualizaci\u00f3n:<\/strong> marzo 2025<\/p>\n<p>[\/et_pb_text][\/et_pb_column][\/et_pb_row][\/et_pb_section]<\/p>\n","protected":false},"excerpt":{"rendered":"<p>Aviso legalDATOS IDENTIFICATIVOS DEL TITULARDe conformidad con lo dispuesto en el art\u00edculo 10 de la Ley 34\/2002, de 11 de julio, de Servicios de la Sociedad de la Informaci\u00f3n y [&hellip;]<\/p>\n","protected":false},"author":9,"featured_media":0,"parent":0,"menu_order":0,"comment_status":"closed","ping_status":"closed","template":"","meta":{"_et_pb_use_builder":"on","_et_pb_old_content":"","_et_gb_content_width":"","footnotes":""},"class_list":["post-264778","page","type-page","status-publish","hentry"],"_links":{"self":[{"href":"https:\/\/www.etxalar.eus\/es\/wp-json\/wp\/v2\/pages\/264778","targetHints":{"allow":["GET"]}}],"collection":[{"href":"https:\/\/www.etxalar.eus\/es\/wp-json\/wp\/v2\/pages"}],"about":[{"href":"https:\/\/www.etxalar.eus\/es\/wp-json\/wp\/v2\/types\/page"}],"author":[{"embeddable":true,"href":"https:\/\/www.etxalar.eus\/es\/wp-json\/wp\/v2\/users\/9"}],"replies":[{"embeddable":true,"href":"https:\/\/www.etxalar.eus\/es\/wp-json\/wp\/v2\/comments?post=264778"}],"version-history":[{"count":6,"href":"https:\/\/www.etxalar.eus\/es\/wp-json\/wp\/v2\/pages\/264778\/revisions"}],"predecessor-version":[{"id":265147,"href":"https:\/\/www.etxalar.eus\/es\/wp-json\/wp\/v2\/pages\/264778\/revisions\/265147"}],"wp:attachment":[{"href":"https:\/\/www.etxalar.eus\/es\/wp-json\/wp\/v2\/media?parent=264778"}],"curies":[{"name":"wp","href":"https:\/\/api.w.org\/{rel}","templated":true}]}}

<p>[et_pb_section fb_built=»1&#8243; next_background_color=»#ffffff» admin_label=»Azken berriak» _builder_version=»4.27.4&#8243; _module_preset=»default» background_color=»gcid-secondary-color» bottom_divider_style=»triangle» bottom_divider_height=»38px» bottom_divider_flip=»vertical» border_color_bottom=»gcid-heading-color» locked=»off» global_colors_info=»{%22gcid-heading-color%22:%91%22border_color_bottom%22%93,%22gcid-secondary-color%22:%91%22background_color%22,%22background_color%22%93}»][et_pb_row _builder_version=»4.27.4&#8243; _module_preset=»default» global_colors_info=»{}»][et_pb_column type=»4_4&#8243; _builder_version=»4.27.4&#8243; _module_preset=»default» global_colors_info=»{}»][et_pb_text _builder_version=»4.27.4&#8243; _module_preset=»default» header_text_color=»#FFFFFF» global_colors_info=»{}»]</p>
<h1>Aviso legal</h1>
<p>[/et_pb_text][/et_pb_column][/et_pb_row][/et_pb_section][et_pb_section fb_built=»1&#8243; _builder_version=»4.27.4&#8243; _module_preset=»default» global_colors_info=»{}»][et_pb_row _builder_version=»4.27.4&#8243; _module_preset=»default» global_colors_info=»{}»][et_pb_column type=»4_4&#8243; _builder_version=»4.27.4&#8243; _module_preset=»default» global_colors_info=»{}»][et_pb_text _builder_version=»4.27.4&#8243; _module_preset=»default» header_text_color=»#FFFFFF» header_4_text_color=»#FFFFFF» background_color=»gcid-primary-color» custom_padding=»10px|||10px|false|false» global_colors_info=»{%22gcid-primary-color%22:%91%22background_color%22%93}»]</p>
<h4>DATOS IDENTIFICATIVOS DEL TITULAR</h4>
<p>[/et_pb_text][et_pb_text _builder_version=»4.27.4&#8243; _module_preset=»default» global_colors_info=»{}»]</p>
<p>De conformidad con lo dispuesto en el artículo 10 de la Ley 34/2002, de 11 de julio, de Servicios de la Sociedad de la Información y de Comercio Electrónico, se informa al usuario de que el titular del presente Sitio Web es: </p>
<p>[/et_pb_text][et_pb_text _builder_version=»4.27.4&#8243; _module_preset=»default» header_text_align=»center» header_4_text_align=»left» header_4_text_color=»gcid-primary-color» global_colors_info=»{%22gcid-primary-color%22:%91%22header_4_text_color%22%93}»]</p>
<p><strong>RESPONSABLE DEL TRATAMIENTO DE DATOS </strong></p>
<p><strong> </strong></p>
<p><strong>Identidad: </strong>Ayuntamiento de Etxalar</p>
<p><strong>Dirección: </strong><a href="https://www.google.com/maps/place/data=!4m2!3m1!1s0xd511c7d976db833:0x324e1600dc347607?sa=X&amp;ved=1t:8290&amp;ictx=111">Andutzeta, 15, 31760 Etxalar, Navarra</a></p>
<p><strong>Teléfono: </strong>948 63 50 05</p>
<p><strong>Delegado de Protección de Datos: </strong><a href="mailto:dpd@etxalar.eus">dpd@etxalar.eus</a></p>
<p>&nbsp;</p>
<p>&nbsp;</p>
<p>[/et_pb_text][/et_pb_column][/et_pb_row][et_pb_row _builder_version=»4.27.4&#8243; _module_preset=»default» global_colors_info=»{}»][et_pb_column type=»4_4&#8243; _builder_version=»4.27.4&#8243; _module_preset=»default» global_colors_info=»{}»][et_pb_accordion open_toggle_text_color=»gcid-primary-color» open_toggle_background_color=»rgba(180,76,55,0.19)» closed_toggle_text_color=»#304759&#8243; _builder_version=»4.27.4&#8243; _module_preset=»default» toggle_text_color=»#304759&#8243; hover_enabled=»0&#8243; global_colors_info=»{%22gcid-primary-color%22:%91%22open_toggle_text_color%22%93}» sticky_enabled=»0&#8243;][et_pb_accordion_item title=»Contenido» open=»on» _builder_version=»4.27.4&#8243; _module_preset=»default» global_colors_info=»{}»]El Ayuntamiento de Etxalar presta especial atención a que la información del sitio web sea exacta y precisa, procediendo a su actualización de forma periódica y corrigiendo los errores tan pronto como estos hayan sido detectados. Con todo, no pueden garantizar que la información esté actualizada y la inexistencia de errores en todo momento.<br />
La información publicada en este sitio web tiene únicamente carácter informativo y no constituye una comunicación de actos administrativos ni comunicados oficiales. Estos últimos serán notificados por los canales oficiales legalmente establecidos a tal efecto.<br />
No obstante, lo anterior, en caso de que a través del sitio web puedan generarse documentos electrónicos en el seno de procedimientos administrativos tramitados a través de este medio, total o parcialmente, éstos tendrán carácter de auténticos, y tendrán el valor probatorio que les reconoce la legislación vigente.[/et_pb_accordion_item][et_pb_accordion_item title=»Limitación de responsabilidad» _builder_version=»4.27.4&#8243; _module_preset=»default» global_colors_info=»{}» open=»off»]</p>
<p>La persona usuaria será la única responsable de las infracciones en que pueda incurrir o de los perjuicios que se puedan causar a terceros por la indebida e ilegítima utilización de este Sitio Web.</p>
<p>El Ayuntamiento de Etxalar no será responsables de los posibles daños o perjuicios que se pudieran derivar de interferencias, omisiones, interrupciones, virus informáticos, averías telefónicas o desconexiones en el funcionamiento operativo de este sistema electrónico, motivadas por causas ajenas al Ayuntamiento, de retrasos o bloqueos en el uso del presente sistema electrónico causados por deficiencias o sobrecargas de líneas telefónicas, sobrecargas en el sistema de Internet o en otros sistemas electrónicos.</p>
<p>El Ayuntamiento de Etxalar no garantiza la veracidad ni se responsabiliza de las consecuencias que pudieran derivarse de los errores en los contenidos proporcionados por terceros que pudieran aparecer en este Sitio Web.</p>
<p>[/et_pb_accordion_item][et_pb_accordion_item title=»Propiedad intelectual» _builder_version=»4.27.4&#8243; _module_preset=»default» global_colors_info=»{}» open=»off»]</p>
<div class="tm_pb_toggle_content clearfix" style="display: block;">
<p>El diseño de este portal Web y sus códigos fuente, los logos, marcas, etc. pertenece al Ayuntamiento de Etxalar, salvo expresa indicación de titularidad diferente, y están protegidos por los correspondientes derechos de propiedad intelectual e industrial. Su uso, reproducción, distribución, comunicación pública, transformación o cualquier otra actividad similar o análoga, queda totalmente prohibida salvo que medie autorización expresa del Ayuntamiento de Etxalar.  </p>
</div>
<p>[/et_pb_accordion_item][et_pb_accordion_item title=»Seguridad» _builder_version=»4.27.4&#8243; _module_preset=»default» global_colors_info=»{}» open=»off»]</p>
<p>Las medidas de seguridad adoptadas por el Ayuntamiento de Etxalar son aquellas requeridas, de conformidad con lo establecido en el artículo 32 del RGPD. En este sentido, el Ayuntamiento de Etxalar, teniendo en cuenta el estado de la técnica, los costes de aplicación y la naturaleza, el, el contexto y los fines del tratamiento, así como los riesgos de probabilidad y gravedad alcance variables para los derechos y las libertades de las personas físicas, tiene establecidas las medidas técnicas y organizativas apropiadas para garantizar el nivel de seguridad adecuado al riesgo existente.  </p>
<p>En todo caso, el Ayuntamiento de Etxalar tiene implementados los mecanismos suficientes para:</p>
<ol>
<li>Garantizar la confidencialidad, integridad, disponibilidad y resiliencia permanentes de los sistemas y servicios de tratamiento.</li>
<li>Restaurar la disponibilidad y el acceso a los datos personales de forma rápida, en caso de incidente físico o técnico.</li>
<li>Verificar, evaluar y valorar, de forma regular, la eficacia de las medidas técnicas y organizativas implantadas para garantizar la seguridad del tratamiento.</li>
<li>Seudonimizar y cifrar los datos personales, en su caso.</li>
</ol>
<p>[/et_pb_accordion_item][et_pb_accordion_item title=»Ley aplicable y jurisdicción» _builder_version=»4.27.4&#8243; _module_preset=»default» global_colors_info=»{}» open=»off»]</p>
<p>Para la resolución de todas las controversias o cuestiones relacionadas con el presente sitio web o de las actividades en él desarrolladas, será de aplicación la legislación española, a la que se someten expresamente las partes, siendo competentes para la resolución de todos los conflictos derivados o relacionados con su uso los Juzgados y Tribunales de Pamplona. </p>
<p>[/et_pb_accordion_item][et_pb_accordion_item title=»Protección de datos» _builder_version=»4.27.4&#8243; _module_preset=»default» global_colors_info=»{}» open=»off»]Podrá consultar nuestro aviso de privacidad en materia de Protección de Datos en el siguiente enlace: <a href="https://www.etxalar.eus/es/proteccion-de-datos/">Protección de datos.</a>[/et_pb_accordion_item][et_pb_accordion_item title=»Información sobre cookies» _builder_version=»4.27.4&#8243; _module_preset=»default» hover_enabled=»0&#8243; global_colors_info=»{}» open=»off» sticky_enabled=»0&#8243;]</p>
<p>Podrá consultar la información sobre cookies en el siguiente enlace: <a href="https://www.etxalar.eus/es/politica-de-cookies-2/" target="_blank" rel="noopener">Política de cookies</a>.</p>
<p>[/et_pb_accordion_item][/et_pb_accordion][et_pb_text _builder_version=»4.27.4&#8243; _module_preset=»default» global_colors_info=»{}»]</p>
<p><strong>Última actualización:</strong> marzo 2025</p>
<p>[/et_pb_text][/et_pb_column][/et_pb_row][/et_pb_section]</p>

<p>Aviso legalDATOS IDENTIFICATIVOS DEL TITULARDe conformidad con lo dispuesto en el artículo 10 de la Ley 34/2002, de 11 de julio, de Servicios de la Sociedad de la Información y [&hellip;]</p>
