{"id":264759,"date":"2025-03-27T09:01:20","date_gmt":"2025-03-27T08:01:20","guid":{"rendered":"https:\/\/www.etxalar.eus\/politica-de-privacidad\/"},"modified":"2025-03-31T11:05:44","modified_gmt":"2025-03-31T09:05:44","slug":"politica-de-privacidad","status":"publish","type":"page","link":"https:\/\/www.etxalar.eus\/es\/politica-de-privacidad\/","title":{"rendered":"Pol\u00edtica de privacidad"},"content":{"rendered":"<p>[et_pb_section fb_built=\u00bb1&#8243; next_background_color=\u00bb#ffffff\u00bb admin_label=\u00bbAzken berriak\u00bb _builder_version=\u00bb4.27.4&#8243; _module_preset=\u00bbdefault\u00bb background_color=\u00bbgcid-secondary-color\u00bb bottom_divider_style=\u00bbtriangle\u00bb bottom_divider_height=\u00bb38px\u00bb bottom_divider_flip=\u00bbvertical\u00bb border_color_bottom=\u00bbgcid-heading-color\u00bb locked=\u00bboff\u00bb global_colors_info=\u00bb{%22gcid-heading-color%22:%91%22border_color_bottom%22%93,%22gcid-secondary-color%22:%91%22background_color%22,%22background_color%22%93}\u00bb][et_pb_row _builder_version=\u00bb4.27.4&#8243; _module_preset=\u00bbdefault\u00bb global_colors_info=\u00bb{}\u00bb][et_pb_column type=\u00bb4_4&#8243; _builder_version=\u00bb4.27.4&#8243; _module_preset=\u00bbdefault\u00bb global_colors_info=\u00bb{}\u00bb][et_pb_text _builder_version=\u00bb4.27.4&#8243; _module_preset=\u00bbdefault\u00bb header_text_color=\u00bb#FFFFFF\u00bb global_colors_info=\u00bb{}\u00bb]<\/p>\n<h1>Pol\u00edtica de privacidad-Protecci\u00f3n de datos personales<\/h1>\n<p>[\/et_pb_text][\/et_pb_column][\/et_pb_row][\/et_pb_section][et_pb_section fb_built=\u00bb1&#8243; _builder_version=\u00bb4.27.4&#8243; _module_preset=\u00bbdefault\u00bb global_colors_info=\u00bb{}\u00bb][et_pb_row _builder_version=\u00bb4.27.4&#8243; _module_preset=\u00bbdefault\u00bb global_colors_info=\u00bb{}\u00bb][et_pb_column type=\u00bb4_4&#8243; _builder_version=\u00bb4.27.4&#8243; _module_preset=\u00bbdefault\u00bb global_colors_info=\u00bb{}\u00bb][et_pb_text _builder_version=\u00bb4.27.4&#8243; _module_preset=\u00bbdefault\u00bb header_4_text_color=\u00bbgcid-primary-color\u00bb global_colors_info=\u00bb{%22gcid-primary-color%22:%91%22header_4_text_color%22%93}\u00bb]<\/p>\n<div class=\"tm_pb_toggle_content clearfix\" style=\"display: block;\">\n<div class=\"et_pb_module et_pb_text et_pb_text_2 et_pb_text_align_left et_pb_bg_layout_light\">\n<div class=\"et_pb_text_inner\">\n<div class=\"tm_pb_toggle_content clearfix\" style=\"display: block;\">\n<p>A continuaci\u00f3n, se desarrolla el deber de informaci\u00f3n establecido en el art\u00edculo 13 del Reglamento General de Protecci\u00f3n de Datos en relaci\u00f3n con los registros de tratamiento llevados a cabo en el Ayuntamiento de Etxalar. <\/p>\n<p>A trav\u00e9s del aviso de privacidad informamos a las personas usuarias, titulares de los datos personales de los aspectos espec\u00edficos relativos al tratamiento sus datos; las finalidades de los tratamientos, los datos de contacto para ejercer los derechos que le asisten, los plazos de conservaci\u00f3n de la informaci\u00f3n la norma que nos legitima para el tratamiento de los datos y las comunicaciones de datos realizadas, entre otras cosas.<\/p>\n<\/div>\n<\/div>\n<\/div>\n<\/div>\n<p>[\/et_pb_text][et_pb_text _builder_version=\u00bb4.27.4&#8243; _module_preset=\u00bbdefault\u00bb header_4_text_color=\u00bbgcid-primary-color\u00bb global_colors_info=\u00bb{%22gcid-primary-color%22:%91%22header_4_text_color%22%93}\u00bb]<\/p>\n<div class=\"tm_pb_toggle_content clearfix\" style=\"display: block;\">\n<h4><a name=\"_Toc385781519\"><\/a><strong>INFORMACI\u00d3N GENERAL<\/strong><\/h4>\n<\/div>\n<p>[\/et_pb_text][et_pb_accordion open_toggle_text_color=\u00bb#b44c37&#8243; open_toggle_background_color=\u00bbrgba(180,76,55,0.19)\u00bb closed_toggle_text_color=\u00bb#304759&#8243; _builder_version=\u00bb4.27.4&#8243; _module_preset=\u00bbdefault\u00bb toggle_text_color=\u00bb#304759&#8243; hover_enabled=\u00bb0&#8243; locked=\u00bboff\u00bb global_colors_info=\u00bb{%22gcid-primary-color%22:%91%22open_toggle_text_color%22%93}\u00bb sticky_enabled=\u00bb0&#8243;][et_pb_accordion_item title=\u00bb Responsable del tratamiento de datos\u00bb open=\u00bbon\u00bb _builder_version=\u00bb4.27.4&#8243; _module_preset=\u00bbdefault\u00bb hover_enabled=\u00bb0&#8243; global_colors_info=\u00bb{}\u00bb sticky_enabled=\u00bb0&#8243;]<\/p>\n<div class=\"tm_pb_toggle_content clearfix\" style=\"display: block;\">\n<p><strong>Identidad: <\/strong>Ayuntamiento de Etxalar<\/p>\n<p><strong>Direcci\u00f3n: <\/strong><a href=\"https:\/\/www.google.com\/maps\/place\/data=!4m2!3m1!1s0xd511c7d976db833:0x324e1600dc347607?sa=X&amp;ved=1t:8290&amp;ictx=111\">Andutzeta, 15, 31760 Etxalar, Navarra<\/a><\/p>\n<p><strong>Tel\u00e9fono: <\/strong>948 63 50 05<\/p>\n<p><strong>Delegado de Protecci\u00f3n de Datos: <\/strong><a href=\"mailto:dpd@etxalar.eus\">dpd@etxalar.eus<\/a><\/p>\n<\/div>\n<p>[\/et_pb_accordion_item][et_pb_accordion_item title=\u00bbFinalidad, legitimaci\u00f3n, destinatarios y plazo de conservaci\u00f3n de los datos\u00bb _builder_version=\u00bb4.27.4&#8243; _module_preset=\u00bbdefault\u00bb hover_enabled=\u00bb0&#8243; global_colors_info=\u00bb{}\u00bb open=\u00bboff\u00bb sticky_enabled=\u00bb0&#8243;]<\/p>\n<div class=\"tm_pb_toggle_content clearfix\" style=\"display: block;\">\n<p>El Ayuntamiento de Etxalar quiere informar a la ciudadan\u00eda de la finalidad para la que va a usar los datos personales recogidos, en qu\u00e9 se basa para poder tratar los datos personales y si van a ser comunicados a terceras entidades y organizaciones as\u00f3 como el plazo que conservar\u00e1 la informaci\u00f3n. Toda la informaci\u00f3n se encuentra recogida el Registro de Actividades de Tratamiento, que se publica a continuaci\u00f3n: <a href=\"https:\/\/www.etxalar.eus\/wp-content\/uploads\/2025\/03\/Registro-de-actividades-Ayto_Etxalar-v2.pdf\" target=\"_blank\" rel=\"noopener\" title=\"Registro de actividad\">ver el documento<\/a> <\/p>\n<p>Las medidas t\u00e9cnicas y organizativas que el Ayuntamiento de Etxalar corresponden a las aplicadas de acuerdo con el Anexo II (Medidas de seguridad) del Real Decreto 311\/2022, de 3 de mayo, por el que se regula el Esquema Nacional de Seguridad y que se encuentran descritas en la Pol\u00edtica de Seguridad y sus procedimientos anexos. <\/p>\n<p><strong>Seguridad<\/strong><\/p>\n<p>Las medidas de seguridad adoptadas por el Ayuntamiento de Etxalar son aquellas requeridas, de conformidad con lo establecido en el art\u00edculo 32 del RGPD. En este sentido, el Ayuntamiento, teniendo en cuenta el estado de la t\u00e9cnica, los costes de aplicaci\u00f3n y la naturaleza, el alcance, el contexto y los fines del tratamiento, as\u00ed como los riesgos de probabilidad y gravedad variables para los derechos y las libertades de las personas f\u00edsicas, tienen establecidas las medidas t\u00e9cnicas y organizativas apropiadas para garantizar el nivel de seguridad adecuado al riesgo existente.  <\/p>\n<p>En todo caso, tienen implementados los mecanismos suficientes para:<\/p>\n<ul>\n<li>Garantizar la confidencialidad, integridad, disponibilidad y resiliencia permanentes de los sistemas y servicios de tratamiento.<\/li>\n<li>Restaurar la disponibilidad y el acceso a los datos personales de forma r\u00e1pida, en caso de incidente f\u00edsico o t\u00e9cnico.<\/li>\n<li>Verificar, evaluar y valorar, de forma regular, la eficacia de las medidas t\u00e9cnicas y organizativas implantadas para garantizar la seguridad del tratamiento.<\/li>\n<li>Seudonimizar y cifrar los datos personales, en su caso.<\/li>\n<\/ul>\n<\/div>\n<p>[\/et_pb_accordion_item][et_pb_accordion_item title=\u00bbMenores de edad\u00bb _builder_version=\u00bb4.27.4&#8243; _module_preset=\u00bbdefault\u00bb hover_enabled=\u00bb0&#8243; global_colors_info=\u00bb{}\u00bb open=\u00bboff\u00bb sticky_enabled=\u00bb0&#8243;]<\/p>\n<div class=\"tm_pb_toggle_content clearfix\" style=\"display: block;\">\n<p>El Ayuntamiento de Etxalar no autoriza a menores de 14 a\u00f1os a facilitar sus datos personales, ya sea mediante la cumplimentaci\u00f3n de los formularios web habilitados para la solicitud de servicios, los formularios de contacto, o mediante el env\u00edo de correos electr\u00f3nicos.<\/p>\n<p>Por tanto, quienes faciliten datos personales utilizando dichos medios manifiestan formalmente ser mayores de 14 a\u00f1os o en su defecto que cuentes con la pertinente autorizaci\u00f3n de su padre\/madre y\/o tutores legales.<\/p>\n<\/div>\n<p>[\/et_pb_accordion_item][et_pb_accordion_item title=\u00bbDerechos\u00bb _builder_version=\u00bb4.27.4&#8243; _module_preset=\u00bbdefault\u00bb hover_enabled=\u00bb0&#8243; global_colors_info=\u00bb{}\u00bb open=\u00bboff\u00bb sticky_enabled=\u00bb0&#8243;]<\/p>\n<div class=\"tm_pb_toggle_content clearfix\" style=\"display: block;\">\n<p> La normativa en materia de protecci\u00f3n de datos otorga una serie de derechos a las personas interesadas titulares de los datos.<\/p>\n<p>Estos derechos que asisten a las personas interesadas son los siguientes:<\/p>\n<ul>\n<li>Derecho de acceso: derecho a obtener informaci\u00f3n sobre si sus propios datos est\u00e1n siendo objeto de tratamiento, la finalidad del tratamiento que se est\u00e9 realizando, las categor\u00edas de datos que se trate, los destinatarios o categor\u00edas de destinatarios, el plazo de conservaci\u00f3n y el origen de dichos datos.<\/li>\n<li>Derecho de rectificaci\u00f3n: derecho a obtener la rectificaci\u00f3n de los datos personales inexactos o incompletos.<\/li>\n<li>Derecho de supresi\u00f3n: derecho a obtener la supresi\u00f3n de los datos en los siguientes supuestos:\n<ul>\n<li>Cuando los datos ya no sean necesarios para la finalidad para la cual fueron recabados<\/li>\n<li>Cuando la persona titular de los mismos retire el consentimiento<\/li>\n<li>Cuando la persona interesada se oponga al tratamiento<\/li>\n<li>Cuando deban suprimirse en cumplimiento de una obligaci\u00f3n legal<\/li>\n<\/ul>\n<\/li>\n<\/ul>\n<p>oCuando los datos se hayan obtenido en virtud de un servicio de sociedad de la informaci\u00f3n en base a lo dispuesto en el art. 8 apdo. 1 del Reglamento Europeo sobre Protecci\u00f3n de datos.   <\/p>\n<ul>\n<li>Derecho de oposici\u00f3n: derecho a oponerse al tratamiento de sus datos por parte del responsable. Este derecho no es absoluto, lo que implica que el responsable podr\u00e1 seguir tratando los datos siempre que pueda probar motivos leg\u00edtimos que prevalezcan sobre los intereses, derechos del interesado o para la formulaci\u00f3n, ejercicio y defensa de reclamaciones. <\/li>\n<li>Derecho de limitaci\u00f3n: derecho a obtener la limitaci\u00f3n del tratamiento de los datos cuando se de alguno de los siguientes supuestos:\n<ul>\n<li>Cuando la persona interesada impugne la exactitud de los datos personales, durante un plazo que permita a la empresa verificar la exactitud de los mismos.<\/li>\n<li>Cuando el tratamiento sea il\u00edcito y la persona interesada se oponga a la supresi\u00f3n de los datos.<\/li>\n<li>Cuando la empresa ya no necesite los datos para los fines para los que fueron recabados, pero la persona interesada los necesite para la formulaci\u00f3n, el ejercicio o la defensa de reclamaciones.<\/li>\n<li>Cuando la persona interesada se haya opuesto al tratamiento mientras se verifica si los motivos leg\u00edtimos de la empresa prevalecen sobre los del interesado.<\/li>\n<\/ul>\n<\/li>\n<li>Derecho a presentar una reclamaci\u00f3n ante la autoridad de control competente ante la Agencia Espa\u00f1ola de Protecci\u00f3n de Datos mediante escrito dirigi\u00e9ndose a C\/ Jorge Juan, 6, 28001 (Madrid) o a trav\u00e9s de su sede electr\u00f3nica en <a href=\"http:\/\/www.agpd.es\" target=\"_blank\" rel=\"noopener\">www.agpd.es.<\/a><\/li>\n<\/ul>\n<p>Las personas interesadas podr\u00e1n ejercitar los derechos indicados, dirigi\u00e9ndose a la direcci\u00f3n de <a href=\"mailto:dpd@etxalar.eus\">dpd@etxalar.eus <\/a><\/p>\n<\/div>\n<p>[\/et_pb_accordion_item][\/et_pb_accordion][et_pb_text _builder_version=\u00bb4.27.4&#8243; _module_preset=\u00bbdefault\u00bb global_colors_info=\u00bb{}\u00bb]<\/p>\n<p><strong>\u00daltima actualizaci\u00f3n:<\/strong> marzo 2025<\/p>\n<p>[\/et_pb_text][\/et_pb_column][\/et_pb_row][\/et_pb_section]<\/p>\n","protected":false},"excerpt":{"rendered":"<p>Pol\u00edtica de privacidad-Protecci\u00f3n de datos personales A continuaci\u00f3n, se desarrolla el deber de informaci\u00f3n establecido en el art\u00edculo 13 del Reglamento General de Protecci\u00f3n de Datos en relaci\u00f3n con los [&hellip;]<\/p>\n","protected":false},"author":9,"featured_media":0,"parent":0,"menu_order":0,"comment_status":"closed","ping_status":"closed","template":"","meta":{"_et_pb_use_builder":"on","_et_pb_old_content":"","_et_gb_content_width":"","footnotes":""},"class_list":["post-264759","page","type-page","status-publish","hentry"],"_links":{"self":[{"href":"https:\/\/www.etxalar.eus\/es\/wp-json\/wp\/v2\/pages\/264759","targetHints":{"allow":["GET"]}}],"collection":[{"href":"https:\/\/www.etxalar.eus\/es\/wp-json\/wp\/v2\/pages"}],"about":[{"href":"https:\/\/www.etxalar.eus\/es\/wp-json\/wp\/v2\/types\/page"}],"author":[{"embeddable":true,"href":"https:\/\/www.etxalar.eus\/es\/wp-json\/wp\/v2\/users\/9"}],"replies":[{"embeddable":true,"href":"https:\/\/www.etxalar.eus\/es\/wp-json\/wp\/v2\/comments?post=264759"}],"version-history":[{"count":16,"href":"https:\/\/www.etxalar.eus\/es\/wp-json\/wp\/v2\/pages\/264759\/revisions"}],"predecessor-version":[{"id":265159,"href":"https:\/\/www.etxalar.eus\/es\/wp-json\/wp\/v2\/pages\/264759\/revisions\/265159"}],"wp:attachment":[{"href":"https:\/\/www.etxalar.eus\/es\/wp-json\/wp\/v2\/media?parent=264759"}],"curies":[{"name":"wp","href":"https:\/\/api.w.org\/{rel}","templated":true}]}}

Política de privacidad

<p>[et_pb_section fb_built=»1&#8243; next_background_color=»#ffffff» admin_label=»Azken berriak» _builder_version=»4.27.4&#8243; _module_preset=»default» background_color=»gcid-secondary-color» bottom_divider_style=»triangle» bottom_divider_height=»38px» bottom_divider_flip=»vertical» border_color_bottom=»gcid-heading-color» locked=»off» global_colors_info=»{%22gcid-heading-color%22:%91%22border_color_bottom%22%93,%22gcid-secondary-color%22:%91%22background_color%22,%22background_color%22%93}»][et_pb_row _builder_version=»4.27.4&#8243; _module_preset=»default» global_colors_info=»{}»][et_pb_column type=»4_4&#8243; _builder_version=»4.27.4&#8243; _module_preset=»default» global_colors_info=»{}»][et_pb_text _builder_version=»4.27.4&#8243; _module_preset=»default» header_text_color=»#FFFFFF» global_colors_info=»{}»]</p>
<h1>Política de privacidad-Protección de datos personales</h1>
<p>[/et_pb_text][/et_pb_column][/et_pb_row][/et_pb_section][et_pb_section fb_built=»1&#8243; _builder_version=»4.27.4&#8243; _module_preset=»default» global_colors_info=»{}»][et_pb_row _builder_version=»4.27.4&#8243; _module_preset=»default» global_colors_info=»{}»][et_pb_column type=»4_4&#8243; _builder_version=»4.27.4&#8243; _module_preset=»default» global_colors_info=»{}»][et_pb_text _builder_version=»4.27.4&#8243; _module_preset=»default» header_4_text_color=»gcid-primary-color» global_colors_info=»{%22gcid-primary-color%22:%91%22header_4_text_color%22%93}»]</p>
<div class="tm_pb_toggle_content clearfix" style="display: block;">
<div class="et_pb_module et_pb_text et_pb_text_2 et_pb_text_align_left et_pb_bg_layout_light">
<div class="et_pb_text_inner">
<div class="tm_pb_toggle_content clearfix" style="display: block;">
<p>A continuación, se desarrolla el deber de información establecido en el artículo 13 del Reglamento General de Protección de Datos en relación con los registros de tratamiento llevados a cabo en el Ayuntamiento de Etxalar. </p>
<p>A través del aviso de privacidad informamos a las personas usuarias, titulares de los datos personales de los aspectos específicos relativos al tratamiento sus datos; las finalidades de los tratamientos, los datos de contacto para ejercer los derechos que le asisten, los plazos de conservación de la información la norma que nos legitima para el tratamiento de los datos y las comunicaciones de datos realizadas, entre otras cosas.</p>
</div>
</div>
</div>
</div>
<p>[/et_pb_text][et_pb_text _builder_version=»4.27.4&#8243; _module_preset=»default» header_4_text_color=»gcid-primary-color» global_colors_info=»{%22gcid-primary-color%22:%91%22header_4_text_color%22%93}»]</p>
<div class="tm_pb_toggle_content clearfix" style="display: block;">
<h4><a name="_Toc385781519"></a><strong>INFORMACIÓN GENERAL</strong></h4>
</div>
<p>[/et_pb_text][et_pb_accordion open_toggle_text_color=»#b44c37&#8243; open_toggle_background_color=»rgba(180,76,55,0.19)» closed_toggle_text_color=»#304759&#8243; _builder_version=»4.27.4&#8243; _module_preset=»default» toggle_text_color=»#304759&#8243; hover_enabled=»0&#8243; locked=»off» global_colors_info=»{%22gcid-primary-color%22:%91%22open_toggle_text_color%22%93}» sticky_enabled=»0&#8243;][et_pb_accordion_item title=» Responsable del tratamiento de datos» open=»on» _builder_version=»4.27.4&#8243; _module_preset=»default» hover_enabled=»0&#8243; global_colors_info=»{}» sticky_enabled=»0&#8243;]</p>
<div class="tm_pb_toggle_content clearfix" style="display: block;">
<p><strong>Identidad: </strong>Ayuntamiento de Etxalar</p>
<p><strong>Dirección: </strong><a href="https://www.google.com/maps/place/data=!4m2!3m1!1s0xd511c7d976db833:0x324e1600dc347607?sa=X&amp;ved=1t:8290&amp;ictx=111">Andutzeta, 15, 31760 Etxalar, Navarra</a></p>
<p><strong>Teléfono: </strong>948 63 50 05</p>
<p><strong>Delegado de Protección de Datos: </strong><a href="mailto:dpd@etxalar.eus">dpd@etxalar.eus</a></p>
</div>
<p>[/et_pb_accordion_item][et_pb_accordion_item title=»Finalidad, legitimación, destinatarios y plazo de conservación de los datos» _builder_version=»4.27.4&#8243; _module_preset=»default» hover_enabled=»0&#8243; global_colors_info=»{}» open=»off» sticky_enabled=»0&#8243;]</p>
<div class="tm_pb_toggle_content clearfix" style="display: block;">
<p>El Ayuntamiento de Etxalar quiere informar a la ciudadanía de la finalidad para la que va a usar los datos personales recogidos, en qué se basa para poder tratar los datos personales y si van a ser comunicados a terceras entidades y organizaciones asó como el plazo que conservará la información. Toda la información se encuentra recogida el Registro de Actividades de Tratamiento, que se publica a continuación: <a href="https://www.etxalar.eus/wp-content/uploads/2025/03/Registro-de-actividades-Ayto_Etxalar-v2.pdf" target="_blank" rel="noopener" title="Registro de actividad">ver el documento</a> </p>
<p>Las medidas técnicas y organizativas que el Ayuntamiento de Etxalar corresponden a las aplicadas de acuerdo con el Anexo II (Medidas de seguridad) del Real Decreto 311/2022, de 3 de mayo, por el que se regula el Esquema Nacional de Seguridad y que se encuentran descritas en la Política de Seguridad y sus procedimientos anexos. </p>
<p><strong>Seguridad</strong></p>
<p>Las medidas de seguridad adoptadas por el Ayuntamiento de Etxalar son aquellas requeridas, de conformidad con lo establecido en el artículo 32 del RGPD. En este sentido, el Ayuntamiento, teniendo en cuenta el estado de la técnica, los costes de aplicación y la naturaleza, el alcance, el contexto y los fines del tratamiento, así como los riesgos de probabilidad y gravedad variables para los derechos y las libertades de las personas físicas, tienen establecidas las medidas técnicas y organizativas apropiadas para garantizar el nivel de seguridad adecuado al riesgo existente.  </p>
<p>En todo caso, tienen implementados los mecanismos suficientes para:</p>
<ul>
<li>Garantizar la confidencialidad, integridad, disponibilidad y resiliencia permanentes de los sistemas y servicios de tratamiento.</li>
<li>Restaurar la disponibilidad y el acceso a los datos personales de forma rápida, en caso de incidente físico o técnico.</li>
<li>Verificar, evaluar y valorar, de forma regular, la eficacia de las medidas técnicas y organizativas implantadas para garantizar la seguridad del tratamiento.</li>
<li>Seudonimizar y cifrar los datos personales, en su caso.</li>
</ul>
</div>
<p>[/et_pb_accordion_item][et_pb_accordion_item title=»Menores de edad» _builder_version=»4.27.4&#8243; _module_preset=»default» hover_enabled=»0&#8243; global_colors_info=»{}» open=»off» sticky_enabled=»0&#8243;]</p>
<div class="tm_pb_toggle_content clearfix" style="display: block;">
<p>El Ayuntamiento de Etxalar no autoriza a menores de 14 años a facilitar sus datos personales, ya sea mediante la cumplimentación de los formularios web habilitados para la solicitud de servicios, los formularios de contacto, o mediante el envío de correos electrónicos.</p>
<p>Por tanto, quienes faciliten datos personales utilizando dichos medios manifiestan formalmente ser mayores de 14 años o en su defecto que cuentes con la pertinente autorización de su padre/madre y/o tutores legales.</p>
</div>
<p>[/et_pb_accordion_item][et_pb_accordion_item title=»Derechos» _builder_version=»4.27.4&#8243; _module_preset=»default» hover_enabled=»0&#8243; global_colors_info=»{}» open=»off» sticky_enabled=»0&#8243;]</p>
<div class="tm_pb_toggle_content clearfix" style="display: block;">
<p> La normativa en materia de protección de datos otorga una serie de derechos a las personas interesadas titulares de los datos.</p>
<p>Estos derechos que asisten a las personas interesadas son los siguientes:</p>
<ul>
<li>Derecho de acceso: derecho a obtener información sobre si sus propios datos están siendo objeto de tratamiento, la finalidad del tratamiento que se esté realizando, las categorías de datos que se trate, los destinatarios o categorías de destinatarios, el plazo de conservación y el origen de dichos datos.</li>
<li>Derecho de rectificación: derecho a obtener la rectificación de los datos personales inexactos o incompletos.</li>
<li>Derecho de supresión: derecho a obtener la supresión de los datos en los siguientes supuestos:
<ul>
<li>Cuando los datos ya no sean necesarios para la finalidad para la cual fueron recabados</li>
<li>Cuando la persona titular de los mismos retire el consentimiento</li>
<li>Cuando la persona interesada se oponga al tratamiento</li>
<li>Cuando deban suprimirse en cumplimiento de una obligación legal</li>
</ul>
</li>
</ul>
<p>oCuando los datos se hayan obtenido en virtud de un servicio de sociedad de la información en base a lo dispuesto en el art. 8 apdo. 1 del Reglamento Europeo sobre Protección de datos.   </p>
<ul>
<li>Derecho de oposición: derecho a oponerse al tratamiento de sus datos por parte del responsable. Este derecho no es absoluto, lo que implica que el responsable podrá seguir tratando los datos siempre que pueda probar motivos legítimos que prevalezcan sobre los intereses, derechos del interesado o para la formulación, ejercicio y defensa de reclamaciones. </li>
<li>Derecho de limitación: derecho a obtener la limitación del tratamiento de los datos cuando se de alguno de los siguientes supuestos:
<ul>
<li>Cuando la persona interesada impugne la exactitud de los datos personales, durante un plazo que permita a la empresa verificar la exactitud de los mismos.</li>
<li>Cuando el tratamiento sea ilícito y la persona interesada se oponga a la supresión de los datos.</li>
<li>Cuando la empresa ya no necesite los datos para los fines para los que fueron recabados, pero la persona interesada los necesite para la formulación, el ejercicio o la defensa de reclamaciones.</li>
<li>Cuando la persona interesada se haya opuesto al tratamiento mientras se verifica si los motivos legítimos de la empresa prevalecen sobre los del interesado.</li>
</ul>
</li>
<li>Derecho a presentar una reclamación ante la autoridad de control competente ante la Agencia Española de Protección de Datos mediante escrito dirigiéndose a C/ Jorge Juan, 6, 28001 (Madrid) o a través de su sede electrónica en <a href="http://www.agpd.es" target="_blank" rel="noopener">www.agpd.es.</a></li>
</ul>
<p>Las personas interesadas podrán ejercitar los derechos indicados, dirigiéndose a la dirección de <a href="mailto:dpd@etxalar.eus">dpd@etxalar.eus </a></p>
</div>
<p>[/et_pb_accordion_item][/et_pb_accordion][et_pb_text _builder_version=»4.27.4&#8243; _module_preset=»default» global_colors_info=»{}»]</p>
<p><strong>Última actualización:</strong> marzo 2025</p>
<p>[/et_pb_text][/et_pb_column][/et_pb_row][/et_pb_section]</p>

<p>Política de privacidad-Protección de datos personales A continuación, se desarrolla el deber de información establecido en el artículo 13 del Reglamento General de Protección de Datos en relación con los [&hellip;]</p>
