{"id":263967,"date":"2025-03-14T11:23:38","date_gmt":"2025-03-14T10:23:38","guid":{"rendered":"https:\/\/www.etxalar.eus\/proteccion-de-datos\/"},"modified":"2025-03-27T13:37:44","modified_gmt":"2025-03-27T12:37:44","slug":"proteccion-de-datos","status":"publish","type":"page","link":"https:\/\/www.etxalar.eus\/es\/proteccion-de-datos\/","title":{"rendered":"Protecci\u00f3n de datos"},"content":{"rendered":"<p>[et_pb_section fb_built=\u00bb1&#8243; next_background_color=\u00bb#ffffff\u00bb admin_label=\u00bbAzken berriak\u00bb _builder_version=\u00bb4.27.4&#8243; _module_preset=\u00bbdefault\u00bb background_color=\u00bbgcid-secondary-color\u00bb bottom_divider_style=\u00bbtriangle\u00bb bottom_divider_height=\u00bb38px\u00bb bottom_divider_flip=\u00bbvertical\u00bb border_color_bottom=\u00bbgcid-heading-color\u00bb locked=\u00bboff\u00bb global_colors_info=\u00bb{%22gcid-heading-color%22:%91%22border_color_bottom%22%93,%22gcid-secondary-color%22:%91%22background_color%22,%22background_color%22%93}\u00bb][et_pb_row _builder_version=\u00bb4.27.4&#8243; _module_preset=\u00bbdefault\u00bb global_colors_info=\u00bb{}\u00bb][et_pb_column type=\u00bb4_4&#8243; _builder_version=\u00bb4.27.4&#8243; _module_preset=\u00bbdefault\u00bb global_colors_info=\u00bb{}\u00bb][et_pb_text _builder_version=\u00bb4.27.4&#8243; _module_preset=\u00bbdefault\u00bb header_text_color=\u00bb#FFFFFF\u00bb global_colors_info=\u00bb{}\u00bb]<\/p>\n<h1>Protecci\u00f3n de datos<\/h1>\n<p>[\/et_pb_text][\/et_pb_column][\/et_pb_row][\/et_pb_section][et_pb_section fb_built=\u00bb1&#8243; _builder_version=\u00bb4.27.4&#8243; _module_preset=\u00bbdefault\u00bb global_colors_info=\u00bb{}\u00bb][et_pb_row _builder_version=\u00bb4.27.4&#8243; _module_preset=\u00bbdefault\u00bb global_colors_info=\u00bb{}\u00bb][et_pb_column type=\u00bb4_4&#8243; _builder_version=\u00bb4.27.4&#8243; _module_preset=\u00bbdefault\u00bb global_colors_info=\u00bb{}\u00bb][et_pb_text _builder_version=\u00bb4.27.4&#8243; _module_preset=\u00bbdefault\u00bb header_4_text_color=\u00bbgcid-primary-color\u00bb global_colors_info=\u00bb{%22gcid-primary-color%22:%91%22header_4_text_color%22%93}\u00bb]<\/p>\n<h4>\u00bfQui\u00e9n es responsable de sus datos?<\/h4>\n<p>De conformidad con lo dispuesto en la Ley Org\u00e1nica 3\/2018, de 5 de diciembre, de Protecci\u00f3n de Datos Personales y Garant\u00eda de los Derechos Digitales (LOPD) y el Reglamento General de Protecci\u00f3n de Datos (RGPD) de 27 de abril de 2016. Le informamos que los datos personales facilitados ser\u00e1n tratados por el <strong>AYUNTAMIENTO DE ETXALAR<\/strong> y su domicilio es Andutzeta, 15-2. Planta 31760 Etxalar (Navarra).  <\/p>\n<p>&nbsp;<\/p>\n<h4>\u00bfPor qu\u00e9 tratamos sus datos personales?<\/h4>\n<p>Los datos que nos facilita son necesarios para prestar todas las garant\u00edas del servicio solicitado y ser\u00e1n tratados con las siguientes finalidades: datos de comunicaci\u00f3n, prospecci\u00f3n comercial y publicidad.<\/p>\n<p>&nbsp;<\/p>\n<h4>\u00bfDurante cu\u00e1nto tiempo conservaremos tus datos?<\/h4>\n<p>Los datos personales proporcionados se conservar\u00e1n durante el tiempo que sea necesario para contactar con el interesado.<\/p>\n<p>&nbsp;<\/p>\n<h4>\u00bfCu\u00e1l es la legitimaci\u00f3n para el tratamiento de tus datos?<\/h4>\n<p>La base legal para el tratamiento de sus datos es el consentimiento prestado por el interesado al facilitar sus datos de contacto.<\/p>\n<p>&nbsp;<\/p>\n<h4>\u00bfQui\u00e9nes ser\u00e1n los destinatarios de sus datos?<\/h4>\n<p>Sus datos no ser\u00e1n cedidos a terceros salvo obligaci\u00f3n legal.<\/p>\n<p>&nbsp;<\/p>\n<h4>\u00bfCu\u00e1les son sus derechos al facilitarnos sus datos?<\/h4>\n<p>Cualquier persona tiene derecho a solicitar el acceso, rectificaci\u00f3n, supresi\u00f3n, limitaci\u00f3n del tratamiento, oposici\u00f3n o derecho a la portabilidad de sus datos personales, escribi\u00e9ndonos a la direcci\u00f3n de nuestras oficinas, o enviando un correo electr\u00f3nico a kulturetxea@etxalar.eus, indicando el derecho que desea ejercer. Puede obtener informaci\u00f3n adicional en el apartado de <a href=\"mailto:dpd@etxalar.eus\">protecci\u00f3n de datos.<\/a> <\/p>\n<p>Tambi\u00e9n tendr\u00e1 derecho a retirar su consentimiento en cualquier momento. La retirada del consentimiento no invalida la licitud del tratamiento efectuado antes de otorgarse el consentimiento. <\/p>\n<p>Tiene derecho a presentar una reclamaci\u00f3n ante la autoridad de control si se han vulnerado sus derechos respecto a la protecci\u00f3n de sus datos personales.[\/et_pb_text][\/et_pb_column][\/et_pb_row][\/et_pb_section]<\/p>\n","protected":false},"excerpt":{"rendered":"<p>Protecci\u00f3n de datos\u00bfQui\u00e9n es responsable de sus datos? De conformidad con lo dispuesto en la Ley Org\u00e1nica 3\/2018, de 5 de diciembre, de Protecci\u00f3n de Datos Personales y Garant\u00eda de [&hellip;]<\/p>\n","protected":false},"author":9,"featured_media":0,"parent":0,"menu_order":0,"comment_status":"closed","ping_status":"closed","template":"","meta":{"_et_pb_use_builder":"on","_et_pb_old_content":"","_et_gb_content_width":"","footnotes":""},"class_list":["post-263967","page","type-page","status-publish","hentry"],"_links":{"self":[{"href":"https:\/\/www.etxalar.eus\/es\/wp-json\/wp\/v2\/pages\/263967","targetHints":{"allow":["GET"]}}],"collection":[{"href":"https:\/\/www.etxalar.eus\/es\/wp-json\/wp\/v2\/pages"}],"about":[{"href":"https:\/\/www.etxalar.eus\/es\/wp-json\/wp\/v2\/types\/page"}],"author":[{"embeddable":true,"href":"https:\/\/www.etxalar.eus\/es\/wp-json\/wp\/v2\/users\/9"}],"replies":[{"embeddable":true,"href":"https:\/\/www.etxalar.eus\/es\/wp-json\/wp\/v2\/comments?post=263967"}],"version-history":[{"count":6,"href":"https:\/\/www.etxalar.eus\/es\/wp-json\/wp\/v2\/pages\/263967\/revisions"}],"predecessor-version":[{"id":264877,"href":"https:\/\/www.etxalar.eus\/es\/wp-json\/wp\/v2\/pages\/263967\/revisions\/264877"}],"wp:attachment":[{"href":"https:\/\/www.etxalar.eus\/es\/wp-json\/wp\/v2\/media?parent=263967"}],"curies":[{"name":"wp","href":"https:\/\/api.w.org\/{rel}","templated":true}]}}

Protección de datos

<p>[et_pb_section fb_built=»1&#8243; next_background_color=»#ffffff» admin_label=»Azken berriak» _builder_version=»4.27.4&#8243; _module_preset=»default» background_color=»gcid-secondary-color» bottom_divider_style=»triangle» bottom_divider_height=»38px» bottom_divider_flip=»vertical» border_color_bottom=»gcid-heading-color» locked=»off» global_colors_info=»{%22gcid-heading-color%22:%91%22border_color_bottom%22%93,%22gcid-secondary-color%22:%91%22background_color%22,%22background_color%22%93}»][et_pb_row _builder_version=»4.27.4&#8243; _module_preset=»default» global_colors_info=»{}»][et_pb_column type=»4_4&#8243; _builder_version=»4.27.4&#8243; _module_preset=»default» global_colors_info=»{}»][et_pb_text _builder_version=»4.27.4&#8243; _module_preset=»default» header_text_color=»#FFFFFF» global_colors_info=»{}»]</p>
<h1>Protección de datos</h1>
<p>[/et_pb_text][/et_pb_column][/et_pb_row][/et_pb_section][et_pb_section fb_built=»1&#8243; _builder_version=»4.27.4&#8243; _module_preset=»default» global_colors_info=»{}»][et_pb_row _builder_version=»4.27.4&#8243; _module_preset=»default» global_colors_info=»{}»][et_pb_column type=»4_4&#8243; _builder_version=»4.27.4&#8243; _module_preset=»default» global_colors_info=»{}»][et_pb_text _builder_version=»4.27.4&#8243; _module_preset=»default» header_4_text_color=»gcid-primary-color» global_colors_info=»{%22gcid-primary-color%22:%91%22header_4_text_color%22%93}»]</p>
<h4>¿Quién es responsable de sus datos?</h4>
<p>De conformidad con lo dispuesto en la Ley Orgánica 3/2018, de 5 de diciembre, de Protección de Datos Personales y Garantía de los Derechos Digitales (LOPD) y el Reglamento General de Protección de Datos (RGPD) de 27 de abril de 2016. Le informamos que los datos personales facilitados serán tratados por el <strong>AYUNTAMIENTO DE ETXALAR</strong> y su domicilio es Andutzeta, 15-2. Planta 31760 Etxalar (Navarra).  </p>
<p>&nbsp;</p>
<h4>¿Por qué tratamos sus datos personales?</h4>
<p>Los datos que nos facilita son necesarios para prestar todas las garantías del servicio solicitado y serán tratados con las siguientes finalidades: datos de comunicación, prospección comercial y publicidad.</p>
<p>&nbsp;</p>
<h4>¿Durante cuánto tiempo conservaremos tus datos?</h4>
<p>Los datos personales proporcionados se conservarán durante el tiempo que sea necesario para contactar con el interesado.</p>
<p>&nbsp;</p>
<h4>¿Cuál es la legitimación para el tratamiento de tus datos?</h4>
<p>La base legal para el tratamiento de sus datos es el consentimiento prestado por el interesado al facilitar sus datos de contacto.</p>
<p>&nbsp;</p>
<h4>¿Quiénes serán los destinatarios de sus datos?</h4>
<p>Sus datos no serán cedidos a terceros salvo obligación legal.</p>
<p>&nbsp;</p>
<h4>¿Cuáles son sus derechos al facilitarnos sus datos?</h4>
<p>Cualquier persona tiene derecho a solicitar el acceso, rectificación, supresión, limitación del tratamiento, oposición o derecho a la portabilidad de sus datos personales, escribiéndonos a la dirección de nuestras oficinas, o enviando un correo electrónico a kulturetxea@etxalar.eus, indicando el derecho que desea ejercer. Puede obtener información adicional en el apartado de <a href="mailto:dpd@etxalar.eus">protección de datos.</a> </p>
<p>También tendrá derecho a retirar su consentimiento en cualquier momento. La retirada del consentimiento no invalida la licitud del tratamiento efectuado antes de otorgarse el consentimiento. </p>
<p>Tiene derecho a presentar una reclamación ante la autoridad de control si se han vulnerado sus derechos respecto a la protección de sus datos personales.[/et_pb_text][/et_pb_column][/et_pb_row][/et_pb_section]</p>

<p>Protección de datos¿Quién es responsable de sus datos? De conformidad con lo dispuesto en la Ley Orgánica 3/2018, de 5 de diciembre, de Protección de Datos Personales y Garantía de [&hellip;]</p>
